{"id":59987,"date":"2026-01-17T12:01:13","date_gmt":"2026-01-17T11:01:13","guid":{"rendered":"https:\/\/www.habitaretail.com\/property\/magnifico-appartamento-molto-luminoso-e-con-terrazza\/"},"modified":"2026-02-25T17:22:35","modified_gmt":"2026-02-25T16:22:35","slug":"magnifico-appartamento-molto-luminoso-e-con-terrazza","status":"publish","type":"property","link":"https:\/\/www.habitaretail.com\/it\/property\/magnifico-appartamento-molto-luminoso-e-con-terrazza\/","title":{"rendered":"Magnifico appartamento molto luminoso e con terrazza"},"content":{"rendered":"\n<p class=\"has-text-align-left\">HabitaRetail presenta in esclusiva questo <strong>immobile ristrutturato a<\/strong> Passeig de la Zona Franca, Barcellona. L&#8217;immobile, recentemente ristrutturato, ha una superficie edificata <strong>di 88 m2<\/strong> secondo il Catasto, cifra che include 10 m2 corrispondenti alla partecipazione agli elementi comuni. <\/p>\n\n<p class=\"has-text-align-left\">Al <strong>sesto piano vero e proprio<\/strong> con ascensore, \u00e8 una propriet\u00e0 esterna e molto luminosa, con un orientamento che favorisce l&#8217;ingresso della luce naturale e una terrazza con vista libera, un vero lusso nella citt\u00e0 di Barcellona.<\/p>\n\n<p class=\"has-text-align-left\">La zona giorno offre un ampio soggiorno-sala da pranzo con accesso diretto alla terrazza. La cucina, indipendente e aggiornata, \u00e8 dotata di un ripostiglio, perfetto per la vita quotidiana. La distribuzione \u00e8 completata da un bagno completo e da due camere da letto pi\u00f9 una terza stanza multifunzionale, ideale come ufficio, camera singola o spogliatoio. L&#8217;immobile \u00e8 dotato di elettrodomestici come lavastoviglie, frigorifero e lavatrice e <strong>dispone di aria condizionata e riscaldamento con canalizzazioni interne<\/strong> (Mitsubishi).   <\/p>\n\n<p class=\"has-text-align-left\">La posizione \u00e8 uno dei suoi punti di forza: a pochi minuti a piedi dalla stazione della metropolitana Foneria (L10 Sud), con collegamenti rapidi alla Zona Universitaria, alla Fira Gran Via e all&#8217;aeroporto tramite L9\/L10, e circondata da fermate degli autobus (21, 23, V3, 88, 89, 109, N1) che collegano direttamente a Pla\u00e7a Espanya e al centro di Barcellona.<\/p>\n\n<p class=\"has-text-align-left\">La zona circostante offre tutti i servizi quotidiani: i supermercati Mercadona e Aldi sul Passeig de la Zona Franca, altre catene come Consum nella zona logistica e i grandi centri di bricolage Bauhaus e Wala a pochi minuti a piedi. Il mercato La Marina si trova a 5 minuti a piedi. <\/p>\n\n<p class=\"has-text-align-left\">Non esitare a contattarci per organizzare una visita a questa magnifica propriet\u00e0 offerta da HabitaRetail. Abbiamo altre propriet\u00e0 nel nostro portafoglio che non sono state pubblicate, non esitare a contattarci se stai cercando un immobile a Barcellona. <\/p>\n\n<p class=\"has-text-align-left\">Se sei un proprietario, contatta il servizio professionale ed esclusivo di HabitaRetail, non te ne pentirai! Venderemo il tuo immobile con tutte le garanzie, sia commerciali che legali.   Mettici alla prova! Pi\u00f9 di 20 anni nel settore immobiliare sono la nostra garanzia.<\/p>\n\n<p class=\"has-text-align-left\">In HabitaRetail continuiamo la nostra missione di mettere in contatto persone e aziende con gli spazi.<\/p>\n\n<p><\/p>\n","protected":false},"excerpt":{"rendered":"<p>HabitaRetail presenta in esclusiva questo immobile ristrutturato a Passeig de la Zona Franca, Barcellona. L&#8217;immobile, recentemente ristrutturato, ha una superficie edificata di 88 m2 secondo il Catasto, cifra che include 10 m2 corrispondenti alla partecipazione agli elementi comuni. Al sesto piano vero e proprio con ascensore, \u00e8 una propriet\u00e0 esterna e molto luminosa, con un [&hellip;]<\/p>\n","protected":false},"author":1,"featured_media":60574,"parent":0,"menu_order":0,"template":"","property_type":[220],"property_status":[245],"property_feature":[1016,669,228,747,710,1038,666,621,225,708],"property_label":[437],"property_country":[],"property_state":[],"property_city":[303],"property_area":[1075],"class_list":["post-59987","property","type-property","status-publish","has-post-thumbnail","hentry","property_type-piatto","property_status-vendita","property_feature-allarme-antifurto","property_feature-ampio-salone","property_feature-aria-condizionata","property_feature-cucina-completamente-attrezzata","property_feature-design-moderno-o-contemporaneo","property_feature-pompa-di-calore-e-freddo","property_feature-sollevare","property_feature-terrazza","property_feature-vicino-ai-servizi-locali","property_feature-vista-libera-it","property_label-servizi-habitabuyer","property_city-barcellona","property_area-zona-di-libero-scambio"],"property_meta":{"_alp_processed":["1772036555"],"_wpml_media_duplicate":["1"],"_wpml_media_featured":["1"],"fave_featured":["0"],"houzez_featured_listing_date":[""],"fave_property_images":["59944","59908","59884","59872","59878","59962","59920","59974","59914","59980","60557","60551","60545","60533","60563","60527","60539","60521"],"fave_agent_display_option":["author_info"],"fave_single_top_area":["global"],"fave_single_content_area":["global"],"houzez_geolocation_lat":["41.359916326286"],"houzez_geolocation_long":["2.1393349285584"],"_thumbnail_id":["60574"],"_last_translation_edit_mode":["translation-editor"],"_wpml_word_count":["396"],"_monsterinsights_sitenote_active":["0"],"houzez_manual_expire":["0"],"_houzez_expiration_date_status":["saved"],"_eael_post_view_count":["57"],"houzez_total_property_views":["54"],"houzez_views_by_date":["a:45:{s:10:\"01-17-2026\";i:3;s:10:\"01-18-2026\";i:1;s:10:\"01-19-2026\";i:1;s:10:\"01-20-2026\";i:1;s:10:\"01-22-2026\";i:2;s:10:\"01-23-2026\";i:1;s:10:\"01-25-2026\";i:1;s:10:\"01-26-2026\";i:1;s:10:\"01-27-2026\";i:1;s:10:\"01-30-2026\";i:1;s:10:\"02-01-2026\";i:1;s:10:\"02-02-2026\";i:1;s:10:\"02-05-2026\";i:1;s:10:\"02-07-2026\";i:1;s:10:\"02-08-2026\";i:1;s:10:\"02-11-2026\";i:1;s:10:\"02-17-2026\";i:1;s:10:\"02-19-2026\";i:1;s:10:\"02-21-2026\";i:1;s:10:\"02-22-2026\";i:1;s:10:\"02-23-2026\";i:1;s:10:\"02-26-2026\";i:1;s:10:\"02-27-2026\";i:3;s:10:\"02-28-2026\";i:1;s:10:\"03-01-2026\";i:1;s:10:\"03-02-2026\";i:1;s:10:\"03-03-2026\";i:1;s:10:\"03-05-2026\";i:1;s:10:\"03-11-2026\";i:1;s:10:\"03-12-2026\";i:1;s:10:\"03-15-2026\";i:2;s:10:\"03-19-2026\";i:1;s:10:\"03-20-2026\";i:1;s:10:\"03-23-2026\";i:1;s:10:\"03-27-2026\";i:1;s:10:\"03-31-2026\";i:2;s:10:\"04-05-2026\";i:1;s:10:\"04-06-2026\";i:1;s:10:\"04-08-2026\";i:2;s:10:\"04-13-2026\";i:1;s:10:\"04-16-2026\";i:1;s:10:\"04-17-2026\";i:1;s:10:\"04-21-2026\";i:1;s:10:\"04-25-2026\";i:1;s:10:\"04-28-2026\";i:2;}"],"houzez_recently_viewed":["2026-04-28 23:14:42"],"_wpml_media_has_media":["1"],"fave_property_price":["329000"],"fave_property_sec_price":["4217"],"fave_property_price_postfix":["m\u00b2"],"fave_property_size":["78"],"fave_property_size_prefix":["m\u00b2"],"fave_property_bedrooms":["3"],"fave_property_bathrooms":["1"],"fave_property_year":["1974"],"fave_property_id":["HR145"],"fave_property_map":["1"],"fave_property_map_address":["Passeig de la Zona Franca, Barcellona, Spagna"],"fave_property_location":["41.359916326286,2.1393349285584,15"],"fave_property_map_street_view":["nascondersi"],"fave_prop_homeslider":["no"],"fave_energy_class":["E"],"fave_energy_global_index":["155"],"fave_renewable_energy_global_index":["32"],"fave_epc_current_rating":["E"],"fave_property_rooms":["3"],"_elementor_page_assets":["a:0:{}"]},"_links":{"self":[{"href":"https:\/\/www.habitaretail.com\/it\/wp-json\/wp\/v2\/properties\/59987","targetHints":{"allow":["GET"]}}],"collection":[{"href":"https:\/\/www.habitaretail.com\/it\/wp-json\/wp\/v2\/properties"}],"about":[{"href":"https:\/\/www.habitaretail.com\/it\/wp-json\/wp\/v2\/types\/property"}],"author":[{"embeddable":true,"href":"https:\/\/www.habitaretail.com\/it\/wp-json\/wp\/v2\/users\/1"}],"version-history":[{"count":2,"href":"https:\/\/www.habitaretail.com\/it\/wp-json\/wp\/v2\/properties\/59987\/revisions"}],"predecessor-version":[{"id":60002,"href":"https:\/\/www.habitaretail.com\/it\/wp-json\/wp\/v2\/properties\/59987\/revisions\/60002"}],"wp:featuredmedia":[{"embeddable":true,"href":"https:\/\/www.habitaretail.com\/it\/wp-json\/wp\/v2\/media\/60574"}],"wp:attachment":[{"href":"https:\/\/www.habitaretail.com\/it\/wp-json\/wp\/v2\/media?parent=59987"}],"wp:term":[{"taxonomy":"property_type","embeddable":true,"href":"https:\/\/www.habitaretail.com\/it\/wp-json\/wp\/v2\/property_type?post=59987"},{"taxonomy":"property_status","embeddable":true,"href":"https:\/\/www.habitaretail.com\/it\/wp-json\/wp\/v2\/property_status?post=59987"},{"taxonomy":"property_feature","embeddable":true,"href":"https:\/\/www.habitaretail.com\/it\/wp-json\/wp\/v2\/property_feature?post=59987"},{"taxonomy":"property_label","embeddable":true,"href":"https:\/\/www.habitaretail.com\/it\/wp-json\/wp\/v2\/property_label?post=59987"},{"taxonomy":"property_country","embeddable":true,"href":"https:\/\/www.habitaretail.com\/it\/wp-json\/wp\/v2\/property_country?post=59987"},{"taxonomy":"property_state","embeddable":true,"href":"https:\/\/www.habitaretail.com\/it\/wp-json\/wp\/v2\/property_state?post=59987"},{"taxonomy":"property_city","embeddable":true,"href":"https:\/\/www.habitaretail.com\/it\/wp-json\/wp\/v2\/property_city?post=59987"},{"taxonomy":"property_area","embeddable":true,"href":"https:\/\/www.habitaretail.com\/it\/wp-json\/wp\/v2\/property_area?post=59987"}],"curies":[{"name":"wp","href":"https:\/\/api.w.org\/{rel}","templated":true}]}}

<p class="has-text-align-left">HabitaRetail presenta in esclusiva questo <strong>immobile ristrutturato a</strong> Passeig de la Zona Franca, Barcellona. L&#8217;immobile, recentemente ristrutturato, ha una superficie edificata <strong>di 88 m2</strong> secondo il Catasto, cifra che include 10 m2 corrispondenti alla partecipazione agli elementi comuni. </p>

<p class="has-text-align-left">Al <strong>sesto piano vero e proprio</strong> con ascensore, è una proprietà esterna e molto luminosa, con un orientamento che favorisce l&#8217;ingresso della luce naturale e una terrazza con vista libera, un vero lusso nella città di Barcellona.</p>

<p class="has-text-align-left">La zona giorno offre un ampio soggiorno-sala da pranzo con accesso diretto alla terrazza. La cucina, indipendente e aggiornata, è dotata di un ripostiglio, perfetto per la vita quotidiana. La distribuzione è completata da un bagno completo e da due camere da letto più una terza stanza multifunzionale, ideale come ufficio, camera singola o spogliatoio. L&#8217;immobile è dotato di elettrodomestici come lavastoviglie, frigorifero e lavatrice e <strong>dispone di aria condizionata e riscaldamento con canalizzazioni interne</strong> (Mitsubishi).   </p>

<p class="has-text-align-left">La posizione è uno dei suoi punti di forza: a pochi minuti a piedi dalla stazione della metropolitana Foneria (L10 Sud), con collegamenti rapidi alla Zona Universitaria, alla Fira Gran Via e all&#8217;aeroporto tramite L9/L10, e circondata da fermate degli autobus (21, 23, V3, 88, 89, 109, N1) che collegano direttamente a Plaça Espanya e al centro di Barcellona.</p>

<p class="has-text-align-left">La zona circostante offre tutti i servizi quotidiani: i supermercati Mercadona e Aldi sul Passeig de la Zona Franca, altre catene come Consum nella zona logistica e i grandi centri di bricolage Bauhaus e Wala a pochi minuti a piedi. Il mercato La Marina si trova a 5 minuti a piedi. </p>

<p class="has-text-align-left">Non esitare a contattarci per organizzare una visita a questa magnifica proprietà offerta da HabitaRetail. Abbiamo altre proprietà nel nostro portafoglio che non sono state pubblicate, non esitare a contattarci se stai cercando un immobile a Barcellona. </p>

<p class="has-text-align-left">Se sei un proprietario, contatta il servizio professionale ed esclusivo di HabitaRetail, non te ne pentirai! Venderemo il tuo immobile con tutte le garanzie, sia commerciali che legali.   Mettici alla prova! Più di 20 anni nel settore immobiliare sono la nostra garanzia.</p>

<p class="has-text-align-left">In HabitaRetail continuiamo la nostra missione di mettere in contatto persone e aziende con gli spazi.</p>

<p></p>

<p>HabitaRetail presenta in esclusiva questo immobile ristrutturato a Passeig de la Zona Franca, Barcellona. L&#8217;immobile, recentemente ristrutturato, ha una superficie edificata di 88 m2 secondo il Catasto, cifra che include 10 m2 corrispondenti alla partecipazione agli elementi comuni. Al sesto piano vero e proprio con ascensore, è una proprietà esterna e molto luminosa, con un [&hellip;]</p>
