{"id":36841,"date":"2024-08-08T17:38:57","date_gmt":"2024-08-08T15:38:57","guid":{"rendered":"https:\/\/www.habitaretail.com\/property\/opportunita-di-investimento-terreno-edificabile-a-vinaros-per-4-abitazioni-residenziali-posib-9\/"},"modified":"2024-08-08T18:44:22","modified_gmt":"2024-08-08T16:44:22","slug":"opportunita-di-investimento-terreno-edificabile-a-vinaros-per-4-abitazioni-residenziali-posib-9","status":"publish","type":"property","link":"https:\/\/www.habitaretail.com\/it\/property\/opportunita-di-investimento-terreno-edificabile-a-vinaros-per-4-abitazioni-residenziali-posib-9\/","title":{"rendered":"Opportunit\u00e0 di investimento: Terreno edificabile a Vinar\u00f2s per 4 abitazioni residenziali (posib. 9)"},"content":{"rendered":"\n<p>Terreno edificabile in vendita situato in Calle del Casc N\u00ba 16, Vinar\u00f2s.\nIl terreno gode di un&#8217;ottima posizione, a soli 7 minuti di auto dal centro di Vinar\u00f2s e a 2 minuti dalla vecchia Nazionale 340 (oggi N-340A), che collega Benicarl\u00f3 e Pe\u00f1\u00edscola a sud e Barcellona a nord.\nA soli 5 minuti a piedi si trova la spiaggia del campanar di Vinar\u00f2s (conosciuta come spiaggia del Barco) e altre calette pi\u00f9 riservate.  <\/p>\n\n<p>Questo terreno, situato in una zona tranquilla e circondato da case indipendenti, offre una superficie totale di 2155,56 m\u00b2, di cui 1920,56 m\u00b2 edificabili.\n\u00c8 ideale per lo sviluppo di villette a schiera, residenze estive, case indipendenti o ville.\nL&#8217;appezzamento \u00e8 classificato come terreno urbano, nella Zona di Edilizia Isolata Monofamiliare (ZU-6), con un&#8217;area edificabile massima di 0,50 m\u00b2\/m\u00b2 e un&#8217;altezza massima di 2 piani sopra il livello del suolo.  <\/p>\n\n<p>Possono essere costruite fino a 4 abitazioni monofamiliari, ciascuna con una superficie minima di 400 m\u00b2 e un&#8217;area edificata fino a 200 m\u00b2 su due piani.\nL&#8217;occupazione massima del lotto \u00e8 del 50% ed \u00e8 richiesto un arretramento di 4 metri dal confine anteriore e di 3 metri dai confini laterali e posteriori.\nPOSSIBILIT\u00c0 DI PROCEDERE AD UNO STUDIO DI DETTAGLIO PER MODIFICARE I LOTTI MINIMI A 200 m\u00b2 E AUMENTARE A CIRCA 8-9 ABITAZIONI CON UNA DIMENSIONE RIDOTTA.  <\/p>\n\n<p>L&#8217;appezzamento \u00e8 dotato di diritti di passaggio e di servit\u00f9 di irrigazione, che sono stati presi in considerazione nella progettazione delle aree edificabili in modo da non interferire con tali diritti.\nAnche i 235,04 m\u00b2 interessati dalle strade sono stati presi in considerazione per garantire un progetto funzionale che rispetti le normative vigenti. <\/p>\n","protected":false},"excerpt":{"rendered":"<p>Terreno edificabile in vendita situato in Calle del Casc N\u00ba 16, Vinar\u00f2s. Il terreno gode di un&#8217;ottima posizione, a soli 7 minuti di auto dal centro di Vinar\u00f2s e a 2 minuti dalla vecchia Nazionale 340 (oggi N-340A), che collega Benicarl\u00f3 e Pe\u00f1\u00edscola a sud e Barcellona a nord. A soli 5 minuti a piedi [&hellip;]<\/p>\n","protected":false},"author":1,"featured_media":36803,"parent":0,"menu_order":0,"template":"","property_type":[408],"property_status":[245],"property_feature":[],"property_label":[304],"property_country":[],"property_state":[],"property_city":[551],"property_area":[],"class_list":["post-36841","property","type-property","status-publish","has-post-thumbnail","hentry","property_type-terreno","property_status-vendita","property_label-servizi-di-espansione-al-dettaglio","property_city-vinaroz-it"],"property_meta":{"rank_math_internal_links_processed":["1"],"_alp_processed":["1723135463"],"_wpml_media_duplicate":["1"],"_wpml_media_featured":["1"],"fave_featured":["0"],"houzez_featured_listing_date":[""],"fave_property_images":["36792","36798","36804","36822","36828"],"fave_single_top_area":["global"],"fave_single_content_area":["global"],"fave_property_price":["198000 \u20ac"],"fave_property_sec_price":["91.88"],"fave_property_price_postfix":["m2"],"fave_property_size":["2155.56"],"fave_property_size_prefix":["m2"],"fave_property_land_postfix":["1920,56 edificabile"],"fave_property_id":["HR041"],"fave_property_map":["1"],"fave_property_map_address":["Carrer del Casc, 16, Vinar\u00f2s, Spagna"],"fave_property_location":["40.4905084,0.4864313,18"],"houzez_geolocation_lat":["40.4905084"],"houzez_geolocation_long":["0.4864313"],"fave_property_map_street_view":["nascondersi"],"fave_property_address":["del casc 6 Vinar\u00f2s"],"fave_prop_homeslider":["no"],"_thumbnail_id":["36803"],"_last_translation_edit_mode":["translation-editor"],"_wpml_media_has_media":["1"],"_monsterinsights_sitenote_active":["0"],"houzez_manual_expire":["0"],"_houzez_expiration_date_status":["saved"],"rank_math_analytic_object_id":["371"],"_eael_post_view_count":["262"],"houzez_total_property_views":["231"],"houzez_views_by_date":["a:61:{s:10:\"09-15-2025\";i:1;s:10:\"09-17-2025\";i:1;s:10:\"09-23-2025\";i:1;s:10:\"09-25-2025\";i:1;s:10:\"09-28-2025\";i:2;s:10:\"10-01-2025\";i:1;s:10:\"10-06-2025\";i:1;s:10:\"10-08-2025\";i:1;s:10:\"10-11-2025\";i:1;s:10:\"10-18-2025\";i:1;s:10:\"10-19-2025\";i:1;s:10:\"10-24-2025\";i:1;s:10:\"10-26-2025\";i:1;s:10:\"10-29-2025\";i:1;s:10:\"11-08-2025\";i:1;s:10:\"11-10-2025\";i:2;s:10:\"11-12-2025\";i:2;s:10:\"11-13-2025\";i:1;s:10:\"11-17-2025\";i:1;s:10:\"12-04-2025\";i:1;s:10:\"12-11-2025\";i:1;s:10:\"12-18-2025\";i:1;s:10:\"12-26-2025\";i:1;s:10:\"12-29-2025\";i:1;s:10:\"12-30-2025\";i:1;s:10:\"01-04-2026\";i:1;s:10:\"01-07-2026\";i:1;s:10:\"01-13-2026\";i:1;s:10:\"01-16-2026\";i:1;s:10:\"01-17-2026\";i:1;s:10:\"01-18-2026\";i:1;s:10:\"01-19-2026\";i:1;s:10:\"01-22-2026\";i:1;s:10:\"01-23-2026\";i:1;s:10:\"01-28-2026\";i:1;s:10:\"02-02-2026\";i:1;s:10:\"02-07-2026\";i:1;s:10:\"02-08-2026\";i:1;s:10:\"02-14-2026\";i:1;s:10:\"02-17-2026\";i:1;s:10:\"02-19-2026\";i:1;s:10:\"02-21-2026\";i:1;s:10:\"02-26-2026\";i:1;s:10:\"03-06-2026\";i:1;s:10:\"03-10-2026\";i:2;s:10:\"03-13-2026\";i:1;s:10:\"03-16-2026\";i:1;s:10:\"03-18-2026\";i:2;s:10:\"03-22-2026\";i:2;s:10:\"03-25-2026\";i:1;s:10:\"03-27-2026\";i:1;s:10:\"03-29-2026\";i:1;s:10:\"03-31-2026\";i:1;s:10:\"04-02-2026\";i:1;s:10:\"04-05-2026\";i:1;s:10:\"04-10-2026\";i:1;s:10:\"04-19-2026\";i:1;s:10:\"04-20-2026\";i:1;s:10:\"04-22-2026\";i:1;s:10:\"04-23-2026\";i:1;s:10:\"04-26-2026\";i:1;}"],"houzez_recently_viewed":["2026-04-26 13:04:32"],"fave_agent_display_option":["author_info"],"_elementor_page_assets":["a:0:{}"]},"_links":{"self":[{"href":"https:\/\/www.habitaretail.com\/it\/wp-json\/wp\/v2\/properties\/36841","targetHints":{"allow":["GET"]}}],"collection":[{"href":"https:\/\/www.habitaretail.com\/it\/wp-json\/wp\/v2\/properties"}],"about":[{"href":"https:\/\/www.habitaretail.com\/it\/wp-json\/wp\/v2\/types\/property"}],"author":[{"embeddable":true,"href":"https:\/\/www.habitaretail.com\/it\/wp-json\/wp\/v2\/users\/1"}],"version-history":[{"count":0,"href":"https:\/\/www.habitaretail.com\/it\/wp-json\/wp\/v2\/properties\/36841\/revisions"}],"wp:featuredmedia":[{"embeddable":true,"href":"https:\/\/www.habitaretail.com\/it\/wp-json\/wp\/v2\/media\/36803"}],"wp:attachment":[{"href":"https:\/\/www.habitaretail.com\/it\/wp-json\/wp\/v2\/media?parent=36841"}],"wp:term":[{"taxonomy":"property_type","embeddable":true,"href":"https:\/\/www.habitaretail.com\/it\/wp-json\/wp\/v2\/property_type?post=36841"},{"taxonomy":"property_status","embeddable":true,"href":"https:\/\/www.habitaretail.com\/it\/wp-json\/wp\/v2\/property_status?post=36841"},{"taxonomy":"property_feature","embeddable":true,"href":"https:\/\/www.habitaretail.com\/it\/wp-json\/wp\/v2\/property_feature?post=36841"},{"taxonomy":"property_label","embeddable":true,"href":"https:\/\/www.habitaretail.com\/it\/wp-json\/wp\/v2\/property_label?post=36841"},{"taxonomy":"property_country","embeddable":true,"href":"https:\/\/www.habitaretail.com\/it\/wp-json\/wp\/v2\/property_country?post=36841"},{"taxonomy":"property_state","embeddable":true,"href":"https:\/\/www.habitaretail.com\/it\/wp-json\/wp\/v2\/property_state?post=36841"},{"taxonomy":"property_city","embeddable":true,"href":"https:\/\/www.habitaretail.com\/it\/wp-json\/wp\/v2\/property_city?post=36841"},{"taxonomy":"property_area","embeddable":true,"href":"https:\/\/www.habitaretail.com\/it\/wp-json\/wp\/v2\/property_area?post=36841"}],"curies":[{"name":"wp","href":"https:\/\/api.w.org\/{rel}","templated":true}]}}

Opportunità di investimento: Terreno edificabile a Vinaròs per 4 abitazioni residenziali (posib. 9)

<p>Terreno edificabile in vendita situato in Calle del Casc Nº 16, Vinaròs.
Il terreno gode di un&#8217;ottima posizione, a soli 7 minuti di auto dal centro di Vinaròs e a 2 minuti dalla vecchia Nazionale 340 (oggi N-340A), che collega Benicarló e Peñíscola a sud e Barcellona a nord.
A soli 5 minuti a piedi si trova la spiaggia del campanar di Vinaròs (conosciuta come spiaggia del Barco) e altre calette più riservate.  </p>

<p>Questo terreno, situato in una zona tranquilla e circondato da case indipendenti, offre una superficie totale di 2155,56 m², di cui 1920,56 m² edificabili.
È ideale per lo sviluppo di villette a schiera, residenze estive, case indipendenti o ville.
L&#8217;appezzamento è classificato come terreno urbano, nella Zona di Edilizia Isolata Monofamiliare (ZU-6), con un&#8217;area edificabile massima di 0,50 m²/m² e un&#8217;altezza massima di 2 piani sopra il livello del suolo.  </p>

<p>Possono essere costruite fino a 4 abitazioni monofamiliari, ciascuna con una superficie minima di 400 m² e un&#8217;area edificata fino a 200 m² su due piani.
L&#8217;occupazione massima del lotto è del 50% ed è richiesto un arretramento di 4 metri dal confine anteriore e di 3 metri dai confini laterali e posteriori.
POSSIBILITÀ DI PROCEDERE AD UNO STUDIO DI DETTAGLIO PER MODIFICARE I LOTTI MINIMI A 200 m² E AUMENTARE A CIRCA 8-9 ABITAZIONI CON UNA DIMENSIONE RIDOTTA.  </p>

<p>L&#8217;appezzamento è dotato di diritti di passaggio e di servitù di irrigazione, che sono stati presi in considerazione nella progettazione delle aree edificabili in modo da non interferire con tali diritti.
Anche i 235,04 m² interessati dalle strade sono stati presi in considerazione per garantire un progetto funzionale che rispetti le normative vigenti. </p>

<p>Terreno edificabile in vendita situato in Calle del Casc Nº 16, Vinaròs. Il terreno gode di un&#8217;ottima posizione, a soli 7 minuti di auto dal centro di Vinaròs e a 2 minuti dalla vecchia Nazionale 340 (oggi N-340A), che collega Benicarló e Peñíscola a sud e Barcellona a nord. A soli 5 minuti a piedi [&hellip;]</p>

Carrer del Casc, 16, Vinaròs, Spagna

del casc 6 Vinaròs
