{"id":61038,"date":"2026-03-14T21:37:16","date_gmt":"2026-03-14T20:37:16","guid":{"rendered":"https:\/\/www.habitaretail.com\/property\/locaux-commerciaux-a-sant-gervasi\/"},"modified":"2026-04-09T12:43:01","modified_gmt":"2026-04-09T10:43:01","slug":"locaux-commerciaux-a-sant-gervasi","status":"publish","type":"property","link":"https:\/\/www.habitaretail.com\/fr\/property\/locaux-commerciaux-a-sant-gervasi\/","title":{"rendered":"Locaux commerciaux \u00e0 Sant Gervasi"},"content":{"rendered":"\n<p>HabitaRetail vous pr\u00e9sente une propri\u00e9t\u00e9 commerciale \u00e0 louer \u00e0 Sant Gervasi, situ\u00e9e \u00e0 quelques m\u00e8tres de la Plaza Molina, au c\u0153ur du quartier hupp\u00e9 de Barcelone. Situ\u00e9 tr\u00e8s pr\u00e8s du FGC Sant Gervasi et des environs de l&#8217;\u00c9cole Suisse de Barcelone, dans une zone consolid\u00e9e, avec un trafic pi\u00e9tonnier et un profil de client\u00e8le au pouvoir d&#8217;achat moyennement \u00e9lev\u00e9. <\/p>\n\n<p>Le bien, compos\u00e9 de deux locaux, totalise 74 m\u00b2 construits selon le cadastre. Il dispose de deux fa\u00e7ades sur rue et d&#8217;une bonne vitrine, offrant une excellente visibilit\u00e9 pour toute activit\u00e9 commerciale cherchant \u00e0 s&#8217;implanter dans un environnement haut de gamme. <\/p>\n\n<p>Sa distribution le rend polyvalent et facilement adaptable \u00e0 diff\u00e9rentes utilisations, id\u00e9al pour une boutique, un showroom, un commerce sp\u00e9cialis\u00e9, un studio, un bureau commercial, l&#8217;esth\u00e9tique, le bien-\u00eatre ou les activit\u00e9s de service. Une opportunit\u00e9 tr\u00e8s int\u00e9ressante pour positionner votre entreprise dans l&#8217;une des zones les plus attrayantes et les mieux communiqu\u00e9es de la partie haute de Barcelone. <\/p>\n\n<p>Chez HabitaRetail, nous poss\u00e9dons une vaste exp\u00e9rience dans le secteur de l&#8217;immobilier commercial et nous collaborons avec les principales marques de commerce de d\u00e9tail en Espagne dans le cadre de leur expansion. Nous travaillons directement avec des op\u00e9rateurs nationaux et internationaux dans la recherche de nouveaux emplacements, en nous adaptant \u00e0 leurs plans de croissance et \u00e0 leurs besoins strat\u00e9giques. <\/p>\n\n<p>Si vous disposez d&#8217;un local, d&#8217;un entrep\u00f4t ou d&#8217;un terrain \u00e0 potentiel commercial, nous pouvons vous aider \u00e0 le positionner sur le march\u00e9 et \u00e0 le mettre en relation avec des enseignes en pleine expansion.<br\/>Contactez-nous et optimisez la valeur de votre bien avec votre conseiller expert sp\u00e9cialis\u00e9 dans le commerce.<\/p>\n\n<p>HabitaRetail, qui met en relation des personnes et des entreprises avec des espaces.<\/p>\n\n<p><\/p>\n","protected":false},"excerpt":{"rendered":"<p>HabitaRetail vous pr\u00e9sente une propri\u00e9t\u00e9 commerciale \u00e0 louer \u00e0 Sant Gervasi, situ\u00e9e \u00e0 quelques m\u00e8tres de la Plaza Molina, au c\u0153ur du quartier hupp\u00e9 de Barcelone. Situ\u00e9 tr\u00e8s pr\u00e8s du FGC Sant Gervasi et des environs de l&#8217;\u00c9cole Suisse de Barcelone, dans une zone consolid\u00e9e, avec un trafic pi\u00e9tonnier et un profil de client\u00e8le au [&hellip;]<\/p>\n","protected":false},"author":1,"featured_media":61023,"parent":0,"menu_order":0,"template":"","property_type":[297],"property_status":[597],"property_feature":[],"property_label":[493],"property_country":[],"property_state":[],"property_city":[269],"property_area":[293],"class_list":["post-61038","property","type-property","status-publish","has-post-thumbnail","hentry","property_type-locaux-commerciaux","property_status-location","property_label-loue","property_city-barcelone","property_area-sarria-sant-gervasi-fr"],"property_meta":{"_alp_processed":["1775731381"],"_wpml_media_duplicate":["1"],"_wpml_media_featured":["1"],"fave_featured":["0"],"houzez_featured_listing_date":[""],"fave_property_images":["61026","61020","61014","61008","60966","60996","60978","60972","61002"],"fave_agent_display_option":["author_info"],"fave_single_top_area":["global"],"fave_single_content_area":["global"],"houzez_geolocation_lat":["41.4017033"],"houzez_geolocation_long":["2.1453741"],"_thumbnail_id":["61023"],"_last_translation_edit_mode":["translation-editor"],"_wpml_word_count":["328"],"_eael_post_view_count":["24"],"houzez_total_property_views":["23"],"houzez_views_by_date":["a:19:{s:10:\"03-14-2026\";i:1;s:10:\"03-16-2026\";i:1;s:10:\"03-17-2026\";i:1;s:10:\"03-19-2026\";i:1;s:10:\"03-20-2026\";i:2;s:10:\"03-25-2026\";i:1;s:10:\"03-26-2026\";i:1;s:10:\"03-30-2026\";i:1;s:10:\"04-03-2026\";i:2;s:10:\"04-08-2026\";i:2;s:10:\"04-12-2026\";i:1;s:10:\"04-13-2026\";i:2;s:10:\"04-16-2026\";i:1;s:10:\"04-17-2026\";i:1;s:10:\"04-22-2026\";i:1;s:10:\"04-24-2026\";i:1;s:10:\"04-27-2026\";i:1;s:10:\"04-28-2026\";i:1;s:10:\"04-29-2026\";i:1;}"],"houzez_recently_viewed":["2026-04-29 09:32:22"],"fave_property_price":["950"],"fave_property_price_postfix":["mois"],"fave_property_size":["74"],"fave_property_size_prefix":["m\u00b2"],"fave_property_bathrooms":["1"],"fave_property_year":["1945"],"fave_property_id":["HR156"],"fave_property_map":["1"],"fave_property_map_address":["Carrer de Sant Elies, Barcelone, Espagne"],"fave_property_location":["41.4017033,2.1453741,17"],"fave_property_map_street_view":["cacher"],"fave_property_address":["Sant Elies 12"],"fave_prop_homeslider":["non"],"_elementor_page_assets":["a:0:{}"]},"_links":{"self":[{"href":"https:\/\/www.habitaretail.com\/fr\/wp-json\/wp\/v2\/properties\/61038","targetHints":{"allow":["GET"]}}],"collection":[{"href":"https:\/\/www.habitaretail.com\/fr\/wp-json\/wp\/v2\/properties"}],"about":[{"href":"https:\/\/www.habitaretail.com\/fr\/wp-json\/wp\/v2\/types\/property"}],"author":[{"embeddable":true,"href":"https:\/\/www.habitaretail.com\/fr\/wp-json\/wp\/v2\/users\/1"}],"version-history":[{"count":1,"href":"https:\/\/www.habitaretail.com\/fr\/wp-json\/wp\/v2\/properties\/61038\/revisions"}],"predecessor-version":[{"id":61039,"href":"https:\/\/www.habitaretail.com\/fr\/wp-json\/wp\/v2\/properties\/61038\/revisions\/61039"}],"wp:featuredmedia":[{"embeddable":true,"href":"https:\/\/www.habitaretail.com\/fr\/wp-json\/wp\/v2\/media\/61023"}],"wp:attachment":[{"href":"https:\/\/www.habitaretail.com\/fr\/wp-json\/wp\/v2\/media?parent=61038"}],"wp:term":[{"taxonomy":"property_type","embeddable":true,"href":"https:\/\/www.habitaretail.com\/fr\/wp-json\/wp\/v2\/property_type?post=61038"},{"taxonomy":"property_status","embeddable":true,"href":"https:\/\/www.habitaretail.com\/fr\/wp-json\/wp\/v2\/property_status?post=61038"},{"taxonomy":"property_feature","embeddable":true,"href":"https:\/\/www.habitaretail.com\/fr\/wp-json\/wp\/v2\/property_feature?post=61038"},{"taxonomy":"property_label","embeddable":true,"href":"https:\/\/www.habitaretail.com\/fr\/wp-json\/wp\/v2\/property_label?post=61038"},{"taxonomy":"property_country","embeddable":true,"href":"https:\/\/www.habitaretail.com\/fr\/wp-json\/wp\/v2\/property_country?post=61038"},{"taxonomy":"property_state","embeddable":true,"href":"https:\/\/www.habitaretail.com\/fr\/wp-json\/wp\/v2\/property_state?post=61038"},{"taxonomy":"property_city","embeddable":true,"href":"https:\/\/www.habitaretail.com\/fr\/wp-json\/wp\/v2\/property_city?post=61038"},{"taxonomy":"property_area","embeddable":true,"href":"https:\/\/www.habitaretail.com\/fr\/wp-json\/wp\/v2\/property_area?post=61038"}],"curies":[{"name":"wp","href":"https:\/\/api.w.org\/{rel}","templated":true}]}}

Locaux commerciaux à Sant Gervasi

<p>HabitaRetail vous présente une propriété commerciale à louer à Sant Gervasi, située à quelques mètres de la Plaza Molina, au cœur du quartier huppé de Barcelone. Situé très près du FGC Sant Gervasi et des environs de l&#8217;École Suisse de Barcelone, dans une zone consolidée, avec un trafic piétonnier et un profil de clientèle au pouvoir d&#8217;achat moyennement élevé. </p>

<p>Le bien, composé de deux locaux, totalise 74 m² construits selon le cadastre. Il dispose de deux façades sur rue et d&#8217;une bonne vitrine, offrant une excellente visibilité pour toute activité commerciale cherchant à s&#8217;implanter dans un environnement haut de gamme. </p>

<p>Sa distribution le rend polyvalent et facilement adaptable à différentes utilisations, idéal pour une boutique, un showroom, un commerce spécialisé, un studio, un bureau commercial, l&#8217;esthétique, le bien-être ou les activités de service. Une opportunité très intéressante pour positionner votre entreprise dans l&#8217;une des zones les plus attrayantes et les mieux communiquées de la partie haute de Barcelone. </p>

<p>Chez HabitaRetail, nous possédons une vaste expérience dans le secteur de l&#8217;immobilier commercial et nous collaborons avec les principales marques de commerce de détail en Espagne dans le cadre de leur expansion. Nous travaillons directement avec des opérateurs nationaux et internationaux dans la recherche de nouveaux emplacements, en nous adaptant à leurs plans de croissance et à leurs besoins stratégiques. </p>

<p>Si vous disposez d&#8217;un local, d&#8217;un entrepôt ou d&#8217;un terrain à potentiel commercial, nous pouvons vous aider à le positionner sur le marché et à le mettre en relation avec des enseignes en pleine expansion.<br/>Contactez-nous et optimisez la valeur de votre bien avec votre conseiller expert spécialisé dans le commerce.</p>

<p>HabitaRetail, qui met en relation des personnes et des entreprises avec des espaces.</p>

<p></p>

<p>HabitaRetail vous présente une propriété commerciale à louer à Sant Gervasi, située à quelques mètres de la Plaza Molina, au cœur du quartier huppé de Barcelone. Situé très près du FGC Sant Gervasi et des environs de l&#8217;École Suisse de Barcelone, dans une zone consolidée, avec un trafic piétonnier et un profil de clientèle au [&hellip;]</p>
