{"id":60308,"date":"2026-01-27T13:31:08","date_gmt":"2026-01-27T12:31:08","guid":{"rendered":"https:\/\/www.habitaretail.com\/property\/locaux-dangle-avec-beaucoup-de-trafic-a-via-augusta\/"},"modified":"2026-04-09T17:04:56","modified_gmt":"2026-04-09T15:04:56","slug":"locaux-dangle-avec-beaucoup-de-trafic-a-via-augusta","status":"publish","type":"property","link":"https:\/\/www.habitaretail.com\/fr\/property\/locaux-dangle-avec-beaucoup-de-trafic-a-via-augusta\/","title":{"rendered":"Locaux d&#8217;angle avec beaucoup de trafic \u00e0 Via Augusta"},"content":{"rendered":"\n<p>HabitaRetail vous pr\u00e9sente la location exclusive de ce local d&#8217;angle sur la Via Augusta avec la rue Taverne, dans une section avec beaucoup de trafic pi\u00e9tonnier entre FGC Muntaner et FGC Sant Gervasi, avec un arr\u00eat d&#8217;autobus devant et un environnement commercial tr\u00e8s consolid\u00e9.<\/p>\n\n<p>L&#8217;emplacement combine plusieurs g\u00e9n\u00e9rateurs proches, le Parc de Monterols, l&#8217;Institut Men\u00e9ndez Pelayo et Cl\u00ednica Plat\u00f3, ce qui assure un flux constant de r\u00e9sidents, d&#8217;\u00e9tudiants et d&#8217;utilisateurs de services, en plus du mouvement des stations elles-m\u00eames.<\/p>\n\n<p>Le local offre une grande visibilit\u00e9 avec 4 vitrines, 1 d&#8217;environ 3 m sur la Via Augusta et 3 sur la Taverne, totalisant environ 12 m de verre. Il est livr\u00e9 pour \u00eatre adapt\u00e9 \u00e0 un nouveau commerce et l&#8217;IBI est inclus dans le prix de location. <\/p>\n\n<p>Actuellement, le vitrage est en retrait dans l&#8217;ouverture architecturale de la fa\u00e7ade, de sorte que l&#8217;ouverture de l&#8217;entr\u00e9e sur la Via Augusta peut \u00eatre \u00e9tudi\u00e9e en adaptant la menuiserie existante, sous r\u00e9serve de faisabilit\u00e9 technique, d&#8217;autorisation et de proc\u00e9dures municipales.<\/p>\n\n<p>Contactez-nous si vous souhaitez organiser une visite ou obtenir de plus amples informations. Nous serons ravis de vous aider. <\/p>\n\n<p>Chez HabitaRetail, nous sommes des sp\u00e9cialistes du secteur de la vente au d\u00e9tail, avec une solide exp\u00e9rience dans l&#8217;expansion de grandes marques nationales et internationales. Nous conseillons les op\u00e9rateurs dans la recherche d&#8217;emplacements strat\u00e9giques, en travaillant en \u00e9troite collaboration avec les grandes marques nationales et internationales et en nous adaptant \u00e0 leurs plans de croissance. <\/p>\n\n<p>Notre approche est bas\u00e9e sur un service \u00e9troit et professionnel align\u00e9 sur les objectifs de chaque client, garantissant des op\u00e9rations s\u00fbres, transparentes et efficaces.<\/p>\n\n<p>Chez HabitaRetail, nous poursuivons notre mission qui consiste \u00e0 mettre en relation des entreprises et des personnes avec des espaces.<\/p>\n","protected":false},"excerpt":{"rendered":"<p>HabitaRetail vous pr\u00e9sente la location exclusive de ce local d&#8217;angle sur la Via Augusta avec la rue Taverne, dans une section avec beaucoup de trafic pi\u00e9tonnier entre FGC Muntaner et FGC Sant Gervasi, avec un arr\u00eat d&#8217;autobus devant et un environnement commercial tr\u00e8s consolid\u00e9. L&#8217;emplacement combine plusieurs g\u00e9n\u00e9rateurs proches, le Parc de Monterols, l&#8217;Institut Men\u00e9ndez [&hellip;]<\/p>\n","protected":false},"author":1,"featured_media":60331,"parent":0,"menu_order":0,"template":"","property_type":[297],"property_status":[597],"property_feature":[999,681,229,688,1052],"property_label":[493],"property_country":[],"property_state":[],"property_city":[269],"property_area":[293],"class_list":["post-60308","property","type-property","status-publish","has-post-thumbnail","hentry","property_type-locaux-commerciaux","property_status-location","property_feature-coin","property_feature-lumiere-naturelle","property_feature-proche-des-services-locaux","property_feature-proximite-decoles-ou-duniversites","property_feature-situation-centrale-2","property_label-loue","property_city-barcelone","property_area-sarria-sant-gervasi-fr"],"property_meta":{"_alp_processed":["1775747097"],"_wpml_media_duplicate":["1"],"_wpml_media_featured":["1"],"fave_featured":["0"],"houzez_featured_listing_date":[""],"fave_property_images":["60194","60200","60218","60224","60206","60212","60230","60236","60242","60248","60254","60260","60266","60272","60278","60290","60296","60322"],"fave_agent_display_option":["author_info"],"fave_single_top_area":["global"],"fave_single_content_area":["global"],"houzez_geolocation_lat":["41.399668687189"],"houzez_geolocation_long":["2.1440206730164"],"_thumbnail_id":["60331"],"_last_translation_edit_mode":["translation-editor"],"_wpml_word_count":["336"],"_eael_post_view_count":["51"],"houzez_total_property_views":["48"],"houzez_views_by_date":["a:32:{s:10:\"01-27-2026\";i:5;s:10:\"01-29-2026\";i:2;s:10:\"02-01-2026\";i:2;s:10:\"02-04-2026\";i:2;s:10:\"02-07-2026\";i:1;s:10:\"02-08-2026\";i:1;s:10:\"02-17-2026\";i:1;s:10:\"02-21-2026\";i:2;s:10:\"02-23-2026\";i:1;s:10:\"02-25-2026\";i:3;s:10:\"03-02-2026\";i:1;s:10:\"03-04-2026\";i:2;s:10:\"03-05-2026\";i:2;s:10:\"03-11-2026\";i:1;s:10:\"03-13-2026\";i:1;s:10:\"03-15-2026\";i:2;s:10:\"03-17-2026\";i:2;s:10:\"03-20-2026\";i:1;s:10:\"03-22-2026\";i:1;s:10:\"03-26-2026\";i:1;s:10:\"03-28-2026\";i:1;s:10:\"03-29-2026\";i:1;s:10:\"03-30-2026\";i:1;s:10:\"04-02-2026\";i:1;s:10:\"04-04-2026\";i:1;s:10:\"04-08-2026\";i:1;s:10:\"04-12-2026\";i:2;s:10:\"04-17-2026\";i:1;s:10:\"04-21-2026\";i:1;s:10:\"04-25-2026\";i:1;s:10:\"04-28-2026\";i:1;s:10:\"04-29-2026\";i:2;}"],"houzez_recently_viewed":["2026-04-29 23:19:18"],"_wpml_media_has_media":["1"],"_monsterinsights_sitenote_active":["0"],"houzez_manual_expire":["0"],"_houzez_expiration_date_status":["saved"],"fave_property_price":["1350"],"fave_property_price_postfix":["mois"],"fave_property_size":["54"],"fave_property_size_prefix":["m\u00b2"],"fave_property_bathrooms":["1"],"fave_property_year":["1965"],"fave_property_id":["HR147"],"fave_property_map":["1"],"fave_property_map_address":["Via Augusta, Barcelone, Espagne"],"fave_property_location":["41.399668687189,2.1440206730164,15"],"fave_property_map_street_view":["cacher"],"fave_prop_homeslider":["non"]},"_links":{"self":[{"href":"https:\/\/www.habitaretail.com\/fr\/wp-json\/wp\/v2\/properties\/60308","targetHints":{"allow":["GET"]}}],"collection":[{"href":"https:\/\/www.habitaretail.com\/fr\/wp-json\/wp\/v2\/properties"}],"about":[{"href":"https:\/\/www.habitaretail.com\/fr\/wp-json\/wp\/v2\/types\/property"}],"author":[{"embeddable":true,"href":"https:\/\/www.habitaretail.com\/fr\/wp-json\/wp\/v2\/users\/1"}],"version-history":[{"count":1,"href":"https:\/\/www.habitaretail.com\/fr\/wp-json\/wp\/v2\/properties\/60308\/revisions"}],"predecessor-version":[{"id":60309,"href":"https:\/\/www.habitaretail.com\/fr\/wp-json\/wp\/v2\/properties\/60308\/revisions\/60309"}],"wp:featuredmedia":[{"embeddable":true,"href":"https:\/\/www.habitaretail.com\/fr\/wp-json\/wp\/v2\/media\/60331"}],"wp:attachment":[{"href":"https:\/\/www.habitaretail.com\/fr\/wp-json\/wp\/v2\/media?parent=60308"}],"wp:term":[{"taxonomy":"property_type","embeddable":true,"href":"https:\/\/www.habitaretail.com\/fr\/wp-json\/wp\/v2\/property_type?post=60308"},{"taxonomy":"property_status","embeddable":true,"href":"https:\/\/www.habitaretail.com\/fr\/wp-json\/wp\/v2\/property_status?post=60308"},{"taxonomy":"property_feature","embeddable":true,"href":"https:\/\/www.habitaretail.com\/fr\/wp-json\/wp\/v2\/property_feature?post=60308"},{"taxonomy":"property_label","embeddable":true,"href":"https:\/\/www.habitaretail.com\/fr\/wp-json\/wp\/v2\/property_label?post=60308"},{"taxonomy":"property_country","embeddable":true,"href":"https:\/\/www.habitaretail.com\/fr\/wp-json\/wp\/v2\/property_country?post=60308"},{"taxonomy":"property_state","embeddable":true,"href":"https:\/\/www.habitaretail.com\/fr\/wp-json\/wp\/v2\/property_state?post=60308"},{"taxonomy":"property_city","embeddable":true,"href":"https:\/\/www.habitaretail.com\/fr\/wp-json\/wp\/v2\/property_city?post=60308"},{"taxonomy":"property_area","embeddable":true,"href":"https:\/\/www.habitaretail.com\/fr\/wp-json\/wp\/v2\/property_area?post=60308"}],"curies":[{"name":"wp","href":"https:\/\/api.w.org\/{rel}","templated":true}]}}

Locaux d&#8217;angle avec beaucoup de trafic à Via Augusta

<p>HabitaRetail vous présente la location exclusive de ce local d&#8217;angle sur la Via Augusta avec la rue Taverne, dans une section avec beaucoup de trafic piétonnier entre FGC Muntaner et FGC Sant Gervasi, avec un arrêt d&#8217;autobus devant et un environnement commercial très consolidé.</p>

<p>L&#8217;emplacement combine plusieurs générateurs proches, le Parc de Monterols, l&#8217;Institut Menéndez Pelayo et Clínica Plató, ce qui assure un flux constant de résidents, d&#8217;étudiants et d&#8217;utilisateurs de services, en plus du mouvement des stations elles-mêmes.</p>

<p>Le local offre une grande visibilité avec 4 vitrines, 1 d&#8217;environ 3 m sur la Via Augusta et 3 sur la Taverne, totalisant environ 12 m de verre. Il est livré pour être adapté à un nouveau commerce et l&#8217;IBI est inclus dans le prix de location. </p>

<p>Actuellement, le vitrage est en retrait dans l&#8217;ouverture architecturale de la façade, de sorte que l&#8217;ouverture de l&#8217;entrée sur la Via Augusta peut être étudiée en adaptant la menuiserie existante, sous réserve de faisabilité technique, d&#8217;autorisation et de procédures municipales.</p>

<p>Contactez-nous si vous souhaitez organiser une visite ou obtenir de plus amples informations. Nous serons ravis de vous aider. </p>

<p>Chez HabitaRetail, nous sommes des spécialistes du secteur de la vente au détail, avec une solide expérience dans l&#8217;expansion de grandes marques nationales et internationales. Nous conseillons les opérateurs dans la recherche d&#8217;emplacements stratégiques, en travaillant en étroite collaboration avec les grandes marques nationales et internationales et en nous adaptant à leurs plans de croissance. </p>

<p>Notre approche est basée sur un service étroit et professionnel aligné sur les objectifs de chaque client, garantissant des opérations sûres, transparentes et efficaces.</p>

<p>Chez HabitaRetail, nous poursuivons notre mission qui consiste à mettre en relation des entreprises et des personnes avec des espaces.</p>

<p>HabitaRetail vous présente la location exclusive de ce local d&#8217;angle sur la Via Augusta avec la rue Taverne, dans une section avec beaucoup de trafic piétonnier entre FGC Muntaner et FGC Sant Gervasi, avec un arrêt d&#8217;autobus devant et un environnement commercial très consolidé. L&#8217;emplacement combine plusieurs générateurs proches, le Parc de Monterols, l&#8217;Institut Menéndez [&hellip;]</p>
