{"id":55343,"date":"2025-10-19T09:11:30","date_gmt":"2025-10-19T07:11:30","guid":{"rendered":"https:\/\/www.habitaretail.com\/property\/magnifique-appartement-a-louer-a-sant-gervasi\/"},"modified":"2025-11-06T19:56:47","modified_gmt":"2025-11-06T18:56:47","slug":"magnifique-appartement-a-louer-a-sant-gervasi","status":"publish","type":"property","link":"https:\/\/www.habitaretail.com\/fr\/property\/magnifique-appartement-a-louer-a-sant-gervasi\/","title":{"rendered":"Magnifique appartement \u00e0 louer \u00e0 Sant Gervasi"},"content":{"rendered":"\n<p>HabitaRetail vous pr\u00e9sente en exclusivit\u00e9 cet appartement confortable \u00e0 louer \u00e0 long terme dans la rue Madrazo, au c\u0153ur du quartier de Sant Gervasi. Situation privil\u00e9gi\u00e9e \u00e0 c\u00f4t\u00e9 de la Via Augusta, des rues Aribau et Balmes et de la Plaza Molina, avec d&#8217;excellentes connexions (m\u00e9tro, bus et FGC \u00e0 3 minutes). Le quartier offre des magasins, des restaurants, des \u00e9coles et tous les services.<br\/>La propri\u00e9t\u00e9 a une surface construite de 79 m2 (y compris la terrasse et le patio), deux chambres, une salle de bain compl\u00e8te, un salon-salle \u00e0 manger lumineux avec une cuisine ouverte r\u00e9nov\u00e9e et deux espaces ext\u00e9rieurs. Important. L&#8217;un des patios correspond \u00e0 un patio int\u00e9rieur de la cuisine ; tr\u00e8s utile comme espace de stockage suppl\u00e9mentaire. L&#8217;autre espace, sous forme de terrasse, offre la chambre principale \u00e0 l&#8217;arri\u00e8re du b\u00e2timent, cr\u00e9ant un espace tr\u00e8s agr\u00e9able. Place de parking dans le m\u00eame b\u00e2timent, incluse dans le prix.      <\/p>\n\n<p>Les finitions de la propri\u00e9t\u00e9 sont de premi\u00e8re classe, avec des mat\u00e9riaux soigneusement choisis : parquet, menuiserie en aluminium de premi\u00e8re qualit\u00e9 avec rupture de pont thermique et climatisation par gaine interne de climatisation et de chauffage, efficace pour un confort maximum, porte de s\u00e9curit\u00e9 et alarme. Immeuble en bon \u00e9tat avec ascenseur. <\/p>\n\n<p>Conditions de location<\/p>\n\n<ul class=\"wp-block-list\">\n<li>Prix : Maison : 1295 \u20ac + Garage : 150 (+VAT)<\/li>\n\n\n\n<li>Contrat \u00e0 long terme (5 ans)<\/li>\n\n\n\n<li>Les animaux ne sont pas autoris\u00e9s<\/li>\n\n\n\n<li>Maximum 2 personnes<\/li>\n\n\n\n<li>IBI et frais communautaires inclus<\/li>\n\n\n\n<li>Une place de parking dans le m\u00eame b\u00e2timent est incluse dans le prix.<\/li>\n<\/ul>\n\n<p>La conjoncture \u00e9conomique<\/p>\n\n<ul class=\"wp-block-list\">\n<li>1 mois de d\u00e9p\u00f4t de garantie + 2 mois de d\u00e9p\u00f4t de garantie suppl\u00e9mentaire<\/li>\n\n\n\n<li>Mois en cours<\/li>\n\n\n\n<li>L&#8217;assurance du contenu et l&#8217;entretien de la thermo et de la climatisation sont \u00e0 la charge du locataire.<\/li>\n<\/ul>\n\n<p>Documentation \u00e0 fournir apr\u00e8s la visite du bien (pour l&#8217;ASSURANCE DU PAIEMENT)<\/p>\n\n<ul class=\"wp-block-list\">\n<li>Contrat de travail espagnol en vigueur et \u00e0 dur\u00e9e ind\u00e9termin\u00e9e (anciennet\u00e9 minimale de 2 ans).<\/li>\n\n\n\n<li>Trois derniers bulletins de salaire<\/li>\n\n\n\n<li>Mise \u00e0 jour des ant\u00e9c\u00e9dents professionnels<\/li>\n\n\n\n<li>Derni\u00e8re d\u00e9claration fiscale<\/li>\n\n\n\n<li>Le CIRBE et l&#8217;ASNEF seront consult\u00e9s par le biais d&#8217;une autorisation sign\u00e9e.<\/li>\n<\/ul>\n\n<p>Comment postuler (AUCUN APPEL NE SERA ACCEPT\u00c9)<br\/>Pour \u00eatre pris en consid\u00e9ration, envoyez par courrier ou par l&#8217;interm\u00e9diaire de l&#8217;application Idealista une pr\u00e9sentation comprenant : le revenu annuel brut, le revenu mensuel net, l&#8217;anciennet\u00e9, l&#8217;entreprise, la fonction et la raison du changement. Seuls les candidats qui soumettent leur profil avec toutes les informations demand\u00e9es seront pris en consid\u00e9ration. Les meilleurs candidats seront prioritaires.   <\/p>\n\n<p>MAX. TARIF DE R\u00c9F\u00c9RENCE : 1.299,37 \u20ac par mois. Le garage est calcul\u00e9 s\u00e9par\u00e9ment.<br\/>PROPRIETE NON LOUEE AU COURS DES 5 DERNIERES ANNEES.<br\/>PROPRIETE : PAS DE GRAND LOCATAIRE.  <\/p>\n\n<p>Si vous \u00eates propri\u00e9taire, contactez un service professionnel et exclusif chez HabitaRetail, vous ne le regretterez pas ! Nous vendrons ou louerons votre bien avec toutes les garanties, tant commerciales que l\u00e9gales.   Essayez-nous ! Plus de 20 ans d&#8217;exp\u00e9rience dans le secteur de l&#8217;immobilier sont notre garantie.<\/p>\n\n<p>Chez HabitaRetail, nous poursuivons notre mission qui consiste \u00e0 mettre en relation des personnes et des entreprises avec des espaces.<\/p>\n","protected":false},"excerpt":{"rendered":"<p>HabitaRetail vous pr\u00e9sente en exclusivit\u00e9 cet appartement confortable \u00e0 louer \u00e0 long terme dans la rue Madrazo, au c\u0153ur du quartier de Sant Gervasi. Situation privil\u00e9gi\u00e9e \u00e0 c\u00f4t\u00e9 de la Via Augusta, des rues Aribau et Balmes et de la Plaza Molina, avec d&#8217;excellentes connexions (m\u00e9tro, bus et FGC \u00e0 3 minutes). Le quartier offre [&hellip;]<\/p>\n","protected":false},"author":1,"featured_media":55353,"parent":0,"menu_order":0,"template":"","property_type":[267],"property_status":[597],"property_feature":[1024,684,270,231,730,1034,683,459,688,623,791],"property_label":[493,985],"property_country":[],"property_state":[],"property_city":[269],"property_area":[744],"class_list":["post-55343","property","type-property","status-publish","has-post-thumbnail","hentry","property_type-plat","property_status-location","property_feature-alarme-anti-intrusion","property_feature-ascenseur","property_feature-climatisation","property_feature-cuisine-moderne-entierement-equipee","property_feature-cuisine-ouverte-ou-cuisine-en-ilot","property_feature-maison-renovee","property_feature-parquet","property_feature-portier-video","property_feature-proximite-decoles-ou-duniversites","property_feature-terrasse-fr","property_feature-zone-calme-et-tranquille","property_label-loue","property_label-services-habitainquilino","property_city-barcelone","property_area-sant-gervasi-galvany-fr"],"property_meta":{"rank_math_internal_links_processed":["1"],"_alp_processed":["1762455407"],"_wpml_media_duplicate":["1"],"_wpml_media_featured":["1"],"fave_featured":["0"],"houzez_featured_listing_date":[""],"fave_property_images":["55206","55212","55218","55224","55230","55236","55242","55248","55254","55260","55266","55278","55284","55290","55296","55302","55308","55314","55326","55350"],"fave_agent_display_option":["author_info"],"fave_single_top_area":["global"],"fave_single_content_area":["global"],"houzez_geolocation_lat":["41.398689484467"],"houzez_geolocation_long":["2.146896919574"],"_last_translation_edit_mode":["translation-editor"],"_wpml_word_count":["557"],"_thumbnail_id":["55353"],"_eael_post_view_count":["99"],"houzez_total_property_views":["93"],"houzez_views_by_date":["a:61:{s:10:\"11-28-2025\";i:1;s:10:\"12-03-2025\";i:1;s:10:\"12-10-2025\";i:1;s:10:\"12-12-2025\";i:1;s:10:\"12-18-2025\";i:1;s:10:\"12-21-2025\";i:2;s:10:\"12-23-2025\";i:1;s:10:\"12-27-2025\";i:1;s:10:\"12-28-2025\";i:1;s:10:\"12-29-2025\";i:1;s:10:\"01-02-2026\";i:1;s:10:\"01-06-2026\";i:1;s:10:\"01-07-2026\";i:1;s:10:\"01-10-2026\";i:1;s:10:\"01-11-2026\";i:1;s:10:\"01-13-2026\";i:1;s:10:\"01-16-2026\";i:2;s:10:\"01-18-2026\";i:1;s:10:\"01-23-2026\";i:1;s:10:\"01-26-2026\";i:1;s:10:\"01-27-2026\";i:2;s:10:\"01-31-2026\";i:1;s:10:\"02-04-2026\";i:1;s:10:\"02-05-2026\";i:2;s:10:\"02-07-2026\";i:1;s:10:\"02-09-2026\";i:1;s:10:\"02-10-2026\";i:1;s:10:\"02-17-2026\";i:1;s:10:\"02-18-2026\";i:1;s:10:\"02-21-2026\";i:1;s:10:\"02-23-2026\";i:1;s:10:\"02-26-2026\";i:1;s:10:\"02-28-2026\";i:1;s:10:\"03-03-2026\";i:2;s:10:\"03-04-2026\";i:1;s:10:\"03-05-2026\";i:1;s:10:\"03-09-2026\";i:1;s:10:\"03-12-2026\";i:1;s:10:\"03-13-2026\";i:1;s:10:\"03-14-2026\";i:1;s:10:\"03-16-2026\";i:2;s:10:\"03-17-2026\";i:1;s:10:\"03-18-2026\";i:1;s:10:\"03-19-2026\";i:1;s:10:\"03-20-2026\";i:2;s:10:\"03-24-2026\";i:1;s:10:\"03-26-2026\";i:1;s:10:\"03-28-2026\";i:1;s:10:\"03-29-2026\";i:1;s:10:\"04-01-2026\";i:2;s:10:\"04-03-2026\";i:1;s:10:\"04-06-2026\";i:1;s:10:\"04-10-2026\";i:1;s:10:\"04-14-2026\";i:1;s:10:\"04-18-2026\";i:1;s:10:\"04-22-2026\";i:1;s:10:\"04-24-2026\";i:1;s:10:\"04-25-2026\";i:1;s:10:\"04-26-2026\";i:1;s:10:\"04-27-2026\";i:1;s:10:\"04-28-2026\";i:1;}"],"houzez_recently_viewed":["2026-04-28 17:05:22"],"_wpml_media_has_media":["1"],"_monsterinsights_sitenote_active":["0"],"houzez_manual_expire":["0"],"_houzez_expiration_date_status":["saved"],"rank_math_analytic_object_id":["792"],"fave_property_price":["1476.50"],"fave_property_price_postfix":["mois"],"fave_property_size":["79"],"fave_property_size_prefix":["m2"],"fave_property_bedrooms":["2"],"fave_property_bathrooms":["1"],"fave_property_garage_size":["12"],"fave_property_year":["1970"],"fave_property_id":["HR121"],"fave_property_map":["1"],"fave_property_map_address":["Carrer dels Madrazo, Barcelone, Espagne"],"fave_property_location":["41.398689484467,2.146896919574,17"],"fave_property_map_street_view":["cacher"],"fave_property_address":["Madrazo 91"],"fave_property_zip":["08006"],"fave_prop_homeslider":["non"],"fave_energy_class":["E"],"fave_energy_global_index":["184,5"],"fave_epc_current_rating":["E"],"fave_epc_potential_rating":["35,7"],"floor_plans":["a:1:{i:0;a:1:{s:15:\"fave_plan_image\";s:68:\"https:\/\/www.habitaretail.com\/wp-content\/uploads\/2025\/10\/foto21-4.jpg\";}}"],"fave_property_rooms":["2"],"_elementor_page_assets":["a:0:{}"]},"_links":{"self":[{"href":"https:\/\/www.habitaretail.com\/fr\/wp-json\/wp\/v2\/properties\/55343","targetHints":{"allow":["GET"]}}],"collection":[{"href":"https:\/\/www.habitaretail.com\/fr\/wp-json\/wp\/v2\/properties"}],"about":[{"href":"https:\/\/www.habitaretail.com\/fr\/wp-json\/wp\/v2\/types\/property"}],"author":[{"embeddable":true,"href":"https:\/\/www.habitaretail.com\/fr\/wp-json\/wp\/v2\/users\/1"}],"version-history":[{"count":2,"href":"https:\/\/www.habitaretail.com\/fr\/wp-json\/wp\/v2\/properties\/55343\/revisions"}],"predecessor-version":[{"id":55585,"href":"https:\/\/www.habitaretail.com\/fr\/wp-json\/wp\/v2\/properties\/55343\/revisions\/55585"}],"wp:featuredmedia":[{"embeddable":true,"href":"https:\/\/www.habitaretail.com\/fr\/wp-json\/wp\/v2\/media\/55353"}],"wp:attachment":[{"href":"https:\/\/www.habitaretail.com\/fr\/wp-json\/wp\/v2\/media?parent=55343"}],"wp:term":[{"taxonomy":"property_type","embeddable":true,"href":"https:\/\/www.habitaretail.com\/fr\/wp-json\/wp\/v2\/property_type?post=55343"},{"taxonomy":"property_status","embeddable":true,"href":"https:\/\/www.habitaretail.com\/fr\/wp-json\/wp\/v2\/property_status?post=55343"},{"taxonomy":"property_feature","embeddable":true,"href":"https:\/\/www.habitaretail.com\/fr\/wp-json\/wp\/v2\/property_feature?post=55343"},{"taxonomy":"property_label","embeddable":true,"href":"https:\/\/www.habitaretail.com\/fr\/wp-json\/wp\/v2\/property_label?post=55343"},{"taxonomy":"property_country","embeddable":true,"href":"https:\/\/www.habitaretail.com\/fr\/wp-json\/wp\/v2\/property_country?post=55343"},{"taxonomy":"property_state","embeddable":true,"href":"https:\/\/www.habitaretail.com\/fr\/wp-json\/wp\/v2\/property_state?post=55343"},{"taxonomy":"property_city","embeddable":true,"href":"https:\/\/www.habitaretail.com\/fr\/wp-json\/wp\/v2\/property_city?post=55343"},{"taxonomy":"property_area","embeddable":true,"href":"https:\/\/www.habitaretail.com\/fr\/wp-json\/wp\/v2\/property_area?post=55343"}],"curies":[{"name":"wp","href":"https:\/\/api.w.org\/{rel}","templated":true}]}}

Magnifique appartement à louer à Sant Gervasi

<p>HabitaRetail vous présente en exclusivité cet appartement confortable à louer à long terme dans la rue Madrazo, au cœur du quartier de Sant Gervasi. Situation privilégiée à côté de la Via Augusta, des rues Aribau et Balmes et de la Plaza Molina, avec d&#8217;excellentes connexions (métro, bus et FGC à 3 minutes). Le quartier offre des magasins, des restaurants, des écoles et tous les services.<br/>La propriété a une surface construite de 79 m2 (y compris la terrasse et le patio), deux chambres, une salle de bain complète, un salon-salle à manger lumineux avec une cuisine ouverte rénovée et deux espaces extérieurs. Important. L&#8217;un des patios correspond à un patio intérieur de la cuisine ; très utile comme espace de stockage supplémentaire. L&#8217;autre espace, sous forme de terrasse, offre la chambre principale à l&#8217;arrière du bâtiment, créant un espace très agréable. Place de parking dans le même bâtiment, incluse dans le prix.      </p>

<p>Les finitions de la propriété sont de première classe, avec des matériaux soigneusement choisis : parquet, menuiserie en aluminium de première qualité avec rupture de pont thermique et climatisation par gaine interne de climatisation et de chauffage, efficace pour un confort maximum, porte de sécurité et alarme. Immeuble en bon état avec ascenseur. </p>

<p>Conditions de location</p>

<ul class="wp-block-list">
<li>Prix : Maison : 1295 € + Garage : 150 (+VAT)</li>



<li>Contrat à long terme (5 ans)</li>



<li>Les animaux ne sont pas autorisés</li>



<li>Maximum 2 personnes</li>



<li>IBI et frais communautaires inclus</li>



<li>Une place de parking dans le même bâtiment est incluse dans le prix.</li>
</ul>

<p>La conjoncture économique</p>

<ul class="wp-block-list">
<li>1 mois de dépôt de garantie + 2 mois de dépôt de garantie supplémentaire</li>



<li>Mois en cours</li>



<li>L&#8217;assurance du contenu et l&#8217;entretien de la thermo et de la climatisation sont à la charge du locataire.</li>
</ul>

<p>Documentation à fournir après la visite du bien (pour l&#8217;ASSURANCE DU PAIEMENT)</p>

<ul class="wp-block-list">
<li>Contrat de travail espagnol en vigueur et à durée indéterminée (ancienneté minimale de 2 ans).</li>



<li>Trois derniers bulletins de salaire</li>



<li>Mise à jour des antécédents professionnels</li>



<li>Dernière déclaration fiscale</li>



<li>Le CIRBE et l&#8217;ASNEF seront consultés par le biais d&#8217;une autorisation signée.</li>
</ul>

<p>Comment postuler (AUCUN APPEL NE SERA ACCEPTÉ)<br/>Pour être pris en considération, envoyez par courrier ou par l&#8217;intermédiaire de l&#8217;application Idealista une présentation comprenant : le revenu annuel brut, le revenu mensuel net, l&#8217;ancienneté, l&#8217;entreprise, la fonction et la raison du changement. Seuls les candidats qui soumettent leur profil avec toutes les informations demandées seront pris en considération. Les meilleurs candidats seront prioritaires.   </p>

<p>MAX. TARIF DE RÉFÉRENCE : 1.299,37 € par mois. Le garage est calculé séparément.<br/>PROPRIETE NON LOUEE AU COURS DES 5 DERNIERES ANNEES.<br/>PROPRIETE : PAS DE GRAND LOCATAIRE.  </p>

<p>Si vous êtes propriétaire, contactez un service professionnel et exclusif chez HabitaRetail, vous ne le regretterez pas ! Nous vendrons ou louerons votre bien avec toutes les garanties, tant commerciales que légales.   Essayez-nous ! Plus de 20 ans d&#8217;expérience dans le secteur de l&#8217;immobilier sont notre garantie.</p>

<p>Chez HabitaRetail, nous poursuivons notre mission qui consiste à mettre en relation des personnes et des entreprises avec des espaces.</p>

<p>HabitaRetail vous présente en exclusivité cet appartement confortable à louer à long terme dans la rue Madrazo, au cœur du quartier de Sant Gervasi. Situation privilégiée à côté de la Via Augusta, des rues Aribau et Balmes et de la Plaza Molina, avec d&#8217;excellentes connexions (métro, bus et FGC à 3 minutes). Le quartier offre [&hellip;]</p>
