{"id":60306,"date":"2026-01-27T13:31:08","date_gmt":"2026-01-27T12:31:08","guid":{"rendered":"https:\/\/www.habitaretail.com\/property\/eckgrundstueck-mit-viel-verkehr-in-der-via-augusta\/"},"modified":"2026-04-09T17:04:56","modified_gmt":"2026-04-09T15:04:56","slug":"eckgrundstueck-mit-viel-verkehr-in-der-via-augusta","status":"publish","type":"property","link":"https:\/\/www.habitaretail.com\/de\/property\/eckgrundstueck-mit-viel-verkehr-in-der-via-augusta\/","title":{"rendered":"Eckgrundst\u00fcck mit viel Verkehr in der Via Augusta"},"content":{"rendered":"\n<p>HabitaRetail pr\u00e4sentiert die exklusive Vermietung dieses Eckgrundst\u00fccks an der Via Augusta mit Tavern Street, in einem Abschnitt mit viel Fu\u00dfg\u00e4ngerverkehr zwischen FGC Muntaner und FGC Sant Gervasi, mit einer Bushaltestelle davor und einem sehr konsolidierten kommerziellen Umfeld.<\/p>\n\n<p>Der Standort vereint mehrere nahegelegene Generatoren, den Parc de Monterols, das Institut Men\u00e9ndez Pelayo und die Cl\u00ednica Plat\u00f3, was neben der Bewegung der Bahnh\u00f6fe selbst f\u00fcr einen st\u00e4ndigen Strom von Anwohnern, Studenten und Dienstleistungsnutzern sorgt.<\/p>\n\n<p>Das Gesch\u00e4ftslokal bietet eine hervorragende Sichtbarkeit mit 4 Schaufenstern, 1 von ca. 3 m zur Via Augusta und 3 zur Taverne, insgesamt also ca. 12 m Glas. Es wird zur Anpassung an ein neues Gesch\u00e4ft \u00fcbergeben und die IBI ist im Mietpreis enthalten. <\/p>\n\n<p>Derzeit ist die Verglasung innerhalb der architektonischen \u00d6ffnung der Fassade zur\u00fcckgesetzt, so dass die \u00d6ffnung des Eingangs an der Via Augusta durch die Anpassung der bestehenden Tischlerarbeiten untersucht werden kann, vorbehaltlich der technischen Machbarkeit, der Genehmigung und der st\u00e4dtischen Verfahren.<\/p>\n\n<p>Kontaktieren Sie uns, wenn Sie einen Besuch oder weitere Informationen w\u00fcnschen. Wir helfen Ihnen gerne weiter. <\/p>\n\n<p>Wir von HabitaRetail sind Spezialisten im Einzelhandelssektor und verf\u00fcgen \u00fcber eine solide Erfolgsbilanz bei der Expansion f\u00fchrender nationaler und internationaler Marken. Wir beraten Betreiber bei der Suche nach strategischen Standorten, arbeiten eng mit f\u00fchrenden nationalen und internationalen Marken zusammen und passen uns an deren Wachstumspl\u00e4ne an. <\/p>\n\n<p>Unser Ansatz basiert auf einem engen, professionellen Service, der auf die Ziele jedes Kunden abgestimmt ist und sichere, transparente und effiziente Abl\u00e4ufe garantiert.<\/p>\n\n<p>Bei HabitaRetail setzen wir unsere Mission fort, Unternehmen und Menschen mit R\u00e4umen zu verbinden.<\/p>\n","protected":false},"excerpt":{"rendered":"<p>HabitaRetail pr\u00e4sentiert die exklusive Vermietung dieses Eckgrundst\u00fccks an der Via Augusta mit Tavern Street, in einem Abschnitt mit viel Fu\u00dfg\u00e4ngerverkehr zwischen FGC Muntaner und FGC Sant Gervasi, mit einer Bushaltestelle davor und einem sehr konsolidierten kommerziellen Umfeld. Der Standort vereint mehrere nahegelegene Generatoren, den Parc de Monterols, das Institut Men\u00e9ndez Pelayo und die Cl\u00ednica Plat\u00f3, [&hellip;]<\/p>\n","protected":false},"author":1,"featured_media":60332,"parent":0,"menu_order":0,"template":"","property_type":[241],"property_status":[596],"property_feature":[998,197,679,672,1051],"property_label":[492],"property_country":[],"property_state":[],"property_city":[238],"property_area":[277],"class_list":["post-60306","property","type-property","status-publish","has-post-thumbnail","hentry","property_type-gewerbliche-raume","property_status-vermietung","property_feature-ecke","property_feature-nahe-zu-lokalen-dienstleistungen","property_feature-nahe-zu-schulen-oder-universitaten","property_feature-naturliches-licht","property_feature-zentral-gelegen","property_label-g-e-m-i-e-t-e-t","property_city-barcelona-de","property_area-sarria-sant-gervasi-de"],"property_meta":{"_alp_processed":["1775747096"],"_wpml_media_duplicate":["1"],"_wpml_media_featured":["1"],"fave_featured":["0"],"houzez_featured_listing_date":[""],"fave_property_images":["60194","60200","60218","60224","60206","60212","60230","60236","60242","60248","60254","60260","60266","60272","60278","60290","60296","60322"],"fave_agent_display_option":["author_info"],"fave_single_top_area":["global"],"fave_single_content_area":["global"],"houzez_geolocation_lat":["41.399668687189"],"houzez_geolocation_long":["2.1440206730164"],"_thumbnail_id":["60332"],"_last_translation_edit_mode":["translation-editor"],"_wpml_word_count":["330"],"_eael_post_view_count":["54"],"houzez_total_property_views":["51"],"houzez_views_by_date":["a:42:{s:10:\"01-27-2026\";i:4;s:10:\"01-29-2026\";i:2;s:10:\"02-01-2026\";i:2;s:10:\"02-03-2026\";i:1;s:10:\"02-04-2026\";i:1;s:10:\"02-06-2026\";i:1;s:10:\"02-08-2026\";i:1;s:10:\"02-10-2026\";i:1;s:10:\"02-11-2026\";i:1;s:10:\"02-17-2026\";i:2;s:10:\"02-21-2026\";i:1;s:10:\"02-22-2026\";i:1;s:10:\"02-23-2026\";i:1;s:10:\"02-24-2026\";i:1;s:10:\"02-25-2026\";i:2;s:10:\"02-26-2026\";i:2;s:10:\"02-28-2026\";i:1;s:10:\"03-01-2026\";i:1;s:10:\"03-03-2026\";i:1;s:10:\"03-04-2026\";i:2;s:10:\"03-05-2026\";i:1;s:10:\"03-08-2026\";i:1;s:10:\"03-11-2026\";i:1;s:10:\"03-14-2026\";i:1;s:10:\"03-15-2026\";i:1;s:10:\"03-18-2026\";i:1;s:10:\"03-20-2026\";i:1;s:10:\"03-22-2026\";i:1;s:10:\"03-26-2026\";i:1;s:10:\"03-29-2026\";i:1;s:10:\"03-31-2026\";i:1;s:10:\"04-02-2026\";i:1;s:10:\"04-03-2026\";i:1;s:10:\"04-08-2026\";i:1;s:10:\"04-09-2026\";i:1;s:10:\"04-12-2026\";i:1;s:10:\"04-17-2026\";i:1;s:10:\"04-21-2026\";i:1;s:10:\"04-25-2026\";i:1;s:10:\"04-28-2026\";i:1;s:10:\"04-30-2026\";i:1;s:10:\"05-01-2026\";i:1;}"],"houzez_recently_viewed":["2026-05-01 23:41:56"],"_wpml_media_has_media":["1"],"_monsterinsights_sitenote_active":["0"],"houzez_manual_expire":["0"],"_houzez_expiration_date_status":["saved"],"fave_property_price":["1350"],"fave_property_price_postfix":["Monat"],"fave_property_size":["54"],"fave_property_size_prefix":["m\u00b2"],"fave_property_bathrooms":["1"],"fave_property_year":["1965"],"fave_property_id":["HR147"],"fave_property_map":["1"],"fave_property_map_address":["Via Augusta, Barcelona, Spanien"],"fave_property_location":["41.399668687189,2.1440206730164,15"],"fave_property_map_street_view":["verbergen"],"fave_prop_homeslider":["keine"],"_elementor_page_assets":["a:0:{}"]},"_links":{"self":[{"href":"https:\/\/www.habitaretail.com\/de\/wp-json\/wp\/v2\/properties\/60306","targetHints":{"allow":["GET"]}}],"collection":[{"href":"https:\/\/www.habitaretail.com\/de\/wp-json\/wp\/v2\/properties"}],"about":[{"href":"https:\/\/www.habitaretail.com\/de\/wp-json\/wp\/v2\/types\/property"}],"author":[{"embeddable":true,"href":"https:\/\/www.habitaretail.com\/de\/wp-json\/wp\/v2\/users\/1"}],"version-history":[{"count":1,"href":"https:\/\/www.habitaretail.com\/de\/wp-json\/wp\/v2\/properties\/60306\/revisions"}],"predecessor-version":[{"id":60307,"href":"https:\/\/www.habitaretail.com\/de\/wp-json\/wp\/v2\/properties\/60306\/revisions\/60307"}],"wp:featuredmedia":[{"embeddable":true,"href":"https:\/\/www.habitaretail.com\/de\/wp-json\/wp\/v2\/media\/60332"}],"wp:attachment":[{"href":"https:\/\/www.habitaretail.com\/de\/wp-json\/wp\/v2\/media?parent=60306"}],"wp:term":[{"taxonomy":"property_type","embeddable":true,"href":"https:\/\/www.habitaretail.com\/de\/wp-json\/wp\/v2\/property_type?post=60306"},{"taxonomy":"property_status","embeddable":true,"href":"https:\/\/www.habitaretail.com\/de\/wp-json\/wp\/v2\/property_status?post=60306"},{"taxonomy":"property_feature","embeddable":true,"href":"https:\/\/www.habitaretail.com\/de\/wp-json\/wp\/v2\/property_feature?post=60306"},{"taxonomy":"property_label","embeddable":true,"href":"https:\/\/www.habitaretail.com\/de\/wp-json\/wp\/v2\/property_label?post=60306"},{"taxonomy":"property_country","embeddable":true,"href":"https:\/\/www.habitaretail.com\/de\/wp-json\/wp\/v2\/property_country?post=60306"},{"taxonomy":"property_state","embeddable":true,"href":"https:\/\/www.habitaretail.com\/de\/wp-json\/wp\/v2\/property_state?post=60306"},{"taxonomy":"property_city","embeddable":true,"href":"https:\/\/www.habitaretail.com\/de\/wp-json\/wp\/v2\/property_city?post=60306"},{"taxonomy":"property_area","embeddable":true,"href":"https:\/\/www.habitaretail.com\/de\/wp-json\/wp\/v2\/property_area?post=60306"}],"curies":[{"name":"wp","href":"https:\/\/api.w.org\/{rel}","templated":true}]}}

Eckgrundstück mit viel Verkehr in der Via Augusta

<p>HabitaRetail präsentiert die exklusive Vermietung dieses Eckgrundstücks an der Via Augusta mit Tavern Street, in einem Abschnitt mit viel Fußgängerverkehr zwischen FGC Muntaner und FGC Sant Gervasi, mit einer Bushaltestelle davor und einem sehr konsolidierten kommerziellen Umfeld.</p>

<p>Der Standort vereint mehrere nahegelegene Generatoren, den Parc de Monterols, das Institut Menéndez Pelayo und die Clínica Plató, was neben der Bewegung der Bahnhöfe selbst für einen ständigen Strom von Anwohnern, Studenten und Dienstleistungsnutzern sorgt.</p>

<p>Das Geschäftslokal bietet eine hervorragende Sichtbarkeit mit 4 Schaufenstern, 1 von ca. 3 m zur Via Augusta und 3 zur Taverne, insgesamt also ca. 12 m Glas. Es wird zur Anpassung an ein neues Geschäft übergeben und die IBI ist im Mietpreis enthalten. </p>

<p>Derzeit ist die Verglasung innerhalb der architektonischen Öffnung der Fassade zurückgesetzt, so dass die Öffnung des Eingangs an der Via Augusta durch die Anpassung der bestehenden Tischlerarbeiten untersucht werden kann, vorbehaltlich der technischen Machbarkeit, der Genehmigung und der städtischen Verfahren.</p>

<p>Kontaktieren Sie uns, wenn Sie einen Besuch oder weitere Informationen wünschen. Wir helfen Ihnen gerne weiter. </p>

<p>Wir von HabitaRetail sind Spezialisten im Einzelhandelssektor und verfügen über eine solide Erfolgsbilanz bei der Expansion führender nationaler und internationaler Marken. Wir beraten Betreiber bei der Suche nach strategischen Standorten, arbeiten eng mit führenden nationalen und internationalen Marken zusammen und passen uns an deren Wachstumspläne an. </p>

<p>Unser Ansatz basiert auf einem engen, professionellen Service, der auf die Ziele jedes Kunden abgestimmt ist und sichere, transparente und effiziente Abläufe garantiert.</p>

<p>Bei HabitaRetail setzen wir unsere Mission fort, Unternehmen und Menschen mit Räumen zu verbinden.</p>

<p>HabitaRetail präsentiert die exklusive Vermietung dieses Eckgrundstücks an der Via Augusta mit Tavern Street, in einem Abschnitt mit viel Fußgängerverkehr zwischen FGC Muntaner und FGC Sant Gervasi, mit einer Bushaltestelle davor und einem sehr konsolidierten kommerziellen Umfeld. Der Standort vereint mehrere nahegelegene Generatoren, den Parc de Monterols, das Institut Menéndez Pelayo und die Clínica Plató, [&hellip;]</p>
