{"id":61178,"date":"2026-03-17T12:51:29","date_gmt":"2026-03-17T11:51:29","guid":{"rendered":"https:\/\/www.habitaretail.com\/property\/finca-fantastica-a-la-seu-durgell\/"},"modified":"2026-03-17T12:51:53","modified_gmt":"2026-03-17T11:51:53","slug":"finca-fantastica-a-la-seu-durgell","status":"publish","type":"property","link":"https:\/\/www.habitaretail.com\/ca\/property\/finca-fantastica-a-la-seu-durgell\/","title":{"rendered":"Finca fant\u00e0stica a La Seu d&#8217;Urgell"},"content":{"rendered":"\n<p>HabitaRetail presenta aquesta singular finca a la Seu d&#8217;Urgell, una propietat amb identitat pr\u00f2pia, composta per diverses edificacions independents i una \u00e0mplia superf\u00edcie exterior, ideal tant per a \u00fas residencial com per a qui valori un entorn privat, vers\u00e0til i amb gran pres\u00e8ncia.<\/p>\n\n<p>La finca s&#8217;assenta sobre una parcel\u00b7la que, a efectes cadastrals, combina s\u00f2l urb\u00e0 i r\u00fastic. Tot i que la superf\u00edcie gr\u00e0fica cadastral oficial \u00e9s de 2.612 m\u00b2, un aixecament topogr\u00e0fic recent situa la superf\u00edcie real total en 2.781,85 m\u00b2. <\/p>\n\n<p>El conjunt compta amb una superf\u00edcie constru\u00efda total de 707 m\u00b2, segons Cadastre, i es compon de diverses edificacions diferenciades que aporten una gran riquesa funcional a l&#8217;immoble.<\/p>\n\n<p>L&#8217;habitatge principal, corresponent a l&#8217;Edifici 2, ocupa una superf\u00edcie a planta baixa de 217,19 m\u00b2 i es desenvolupa en dues plantes. Segons informaci\u00f3 municipal, es tracta d&#8217;un antic paller \u00edntegrament reformat per a \u00fas com a vivenda, conservant aix\u00ed el car\u00e0cter original de la finca dins d&#8217;una configuraci\u00f3 habitable i consolidada. <\/p>\n\n<p>El segon habitatge, conegut com a Casa Vella o Edifici 3, disposa de quatre plantes i una superf\u00edcie en planta de 129,39 m\u00b2. Hist\u00f2ricament, va ser utilitzada com a habitatge dels antics propietaris en una planta i dels mediers en una altra, destinant-se la resta a magatzem, cosa que aporta un valor patrimonial i una configuraci\u00f3 molt singular dins del conjunt. <\/p>\n\n<p>La propietat inclou a m\u00e9s un magatzem independent, Edifici 1, de 48,65 m\u00b2 constru\u00efts en una sola planta, antiga capella actualment destinada a magatzem, aix\u00ed com una \u00e0mplia edificaci\u00f3 destinada a garatge de 200 m\u00b2.<\/p>\n\n<p>A l\u00b4exterior, la finca ofereix un entorn especialment atractiu, amb un extens jard\u00ed de 1.314,46 m\u00b2, piscina de 49,58 m\u00b2 i diferents zones d\u00b4acc\u00e9s i patis que sumen 819,51 m\u00b2. Tot aix\u00f2 configura una propietat amb gran amplitud, privadesa i m\u00faltiples possibilitats de gaudi. <\/p>\n\n<p>Es tracta d\u00b4una finca dif\u00edcil de trobar per volum constru\u00eft, diversitat d\u00b4edificacions i qualitat de l\u00b4espai exterior, en un entorn natural privilegiat de la Seu d\u00b4Urgell, amb molt bona connexi\u00f3 amb Andorra i el Pirineu.<\/p>\n\n<p>Per a m\u00e9s informaci\u00f3 o concertar una visita, contacta amb HabitaRetail.<\/p>\n\n<p>Si ets propietari, contacta amb un servei professional i exclusiu a HabitaRetail. No te&#8217;n penedir\u00e0s! Vendrem el teu habitatge amb totes les garanties, tant comercials com jur\u00eddiques.   Proveu-nos! M\u00e9s de 20 anys al sector del Real Estate ens avalen.<\/p>\n\n<p>A HabitaRetail, seguim amb la nostra comesa de connectar persones i empreses amb espais.<\/p>\n","protected":false},"excerpt":{"rendered":"<p>HabitaRetail presenta aquesta singular finca a la Seu d&#8217;Urgell, una propietat amb identitat pr\u00f2pia, composta per diverses edificacions independents i una \u00e0mplia superf\u00edcie exterior, ideal tant per a \u00fas residencial com per a qui valori un entorn privat, vers\u00e0til i amb gran pres\u00e8ncia. La finca s&#8217;assenta sobre una parcel\u00b7la que, a efectes cadastrals, combina s\u00f2l [&hellip;]<\/p>\n","protected":false},"author":1,"featured_media":61132,"parent":0,"menu_order":0,"template":"","property_type":[190],"property_status":[189],"property_feature":[195,1012,705,278,838,758,886,796,699,861,188,723,1013,761,625,720,1072,797],"property_label":[433],"property_country":[],"property_state":[],"property_city":[1107],"property_area":[],"class_list":["post-61178","property","type-property","status-publish","has-post-thumbnail","hentry","property_type-casa-independent","property_status-venda","property_feature-aire-condicionat","property_feature-alarma-antirobatori","property_feature-ampli-salo","property_feature-amplia-terrassa-per-menjar-a-laire-lliure","property_feature-amplies-estades","property_feature-armaris-encastats-ca","property_feature-calefaccio","property_feature-jardi-privat","property_feature-lluminositat-natural","property_feature-magatzem","property_feature-piscina-ca","property_feature-placa-de-garatge","property_feature-porta-automatica","property_feature-portes-de-seguretat","property_feature-terrassa","property_feature-vistes-clares-ca","property_feature-xemeneia","property_feature-zona-tranquilla-i-sense-sorolls","property_label-serveis-habitacomprador","property_city-la-seu-durgell"],"property_meta":{"_alp_processed":["1773748313"],"_wpml_media_duplicate":["1"],"_wpml_media_featured":["1"],"fave_featured":["0"],"houzez_featured_listing_date":[""],"fave_property_images":["61143","61101","61137","61119","61089","61125","61047","61095","61149","61131","61113","61083","61053","61059","61065","61071","61077","61155","61161","61167","61107"],"fave_agent_display_option":["author_info"],"fave_single_top_area":["global"],"fave_single_content_area":["global"],"fave_property_price":["2600000"],"fave_property_sec_price":["3677"],"fave_property_size":["707"],"fave_property_size_prefix":["m \u00b2"],"fave_property_land":["2781,85"],"fave_property_land_postfix":["m \u00b2"],"fave_property_bedrooms":["5"],"fave_property_bathrooms":["3"],"fave_property_garage":["4"],"fave_property_year":["1988"],"fave_property_id":["HR157"],"fave_property_map":["1"],"fave_property_map_address":["Partida Sant Esteve, La Seu d'Urgell, Espanya"],"fave_property_location":["42.3569623,1.4508778,14"],"houzez_geolocation_lat":["42.3569623"],"houzez_geolocation_long":["1.4508778"],"fave_property_map_street_view":["hide"],"fave_property_address":["La Seu d'Urgell"],"fave_prop_homeslider":["no"],"_thumbnail_id":["61132"],"_last_translation_edit_mode":["translation-editor"],"_wpml_word_count":["432"],"_eael_post_view_count":["29"],"houzez_total_property_views":["28"],"houzez_views_by_date":["a:19:{s:10:\"03-17-2026\";i:4;s:10:\"03-19-2026\";i:3;s:10:\"03-21-2026\";i:1;s:10:\"03-22-2026\";i:2;s:10:\"03-25-2026\";i:1;s:10:\"03-27-2026\";i:1;s:10:\"03-28-2026\";i:1;s:10:\"03-30-2026\";i:1;s:10:\"04-01-2026\";i:1;s:10:\"04-05-2026\";i:1;s:10:\"04-06-2026\";i:1;s:10:\"04-09-2026\";i:1;s:10:\"04-13-2026\";i:1;s:10:\"04-22-2026\";i:1;s:10:\"04-26-2026\";i:2;s:10:\"04-29-2026\";i:3;s:10:\"04-30-2026\";i:1;s:10:\"05-01-2026\";i:1;s:10:\"05-02-2026\";i:1;}"],"houzez_recently_viewed":["2026-05-02 13:14:19"],"_elementor_page_assets":["a:0:{}"]},"_links":{"self":[{"href":"https:\/\/www.habitaretail.com\/ca\/wp-json\/wp\/v2\/properties\/61178","targetHints":{"allow":["GET"]}}],"collection":[{"href":"https:\/\/www.habitaretail.com\/ca\/wp-json\/wp\/v2\/properties"}],"about":[{"href":"https:\/\/www.habitaretail.com\/ca\/wp-json\/wp\/v2\/types\/property"}],"author":[{"embeddable":true,"href":"https:\/\/www.habitaretail.com\/ca\/wp-json\/wp\/v2\/users\/1"}],"version-history":[{"count":1,"href":"https:\/\/www.habitaretail.com\/ca\/wp-json\/wp\/v2\/properties\/61178\/revisions"}],"predecessor-version":[{"id":61179,"href":"https:\/\/www.habitaretail.com\/ca\/wp-json\/wp\/v2\/properties\/61178\/revisions\/61179"}],"wp:featuredmedia":[{"embeddable":true,"href":"https:\/\/www.habitaretail.com\/ca\/wp-json\/wp\/v2\/media\/61132"}],"wp:attachment":[{"href":"https:\/\/www.habitaretail.com\/ca\/wp-json\/wp\/v2\/media?parent=61178"}],"wp:term":[{"taxonomy":"property_type","embeddable":true,"href":"https:\/\/www.habitaretail.com\/ca\/wp-json\/wp\/v2\/property_type?post=61178"},{"taxonomy":"property_status","embeddable":true,"href":"https:\/\/www.habitaretail.com\/ca\/wp-json\/wp\/v2\/property_status?post=61178"},{"taxonomy":"property_feature","embeddable":true,"href":"https:\/\/www.habitaretail.com\/ca\/wp-json\/wp\/v2\/property_feature?post=61178"},{"taxonomy":"property_label","embeddable":true,"href":"https:\/\/www.habitaretail.com\/ca\/wp-json\/wp\/v2\/property_label?post=61178"},{"taxonomy":"property_country","embeddable":true,"href":"https:\/\/www.habitaretail.com\/ca\/wp-json\/wp\/v2\/property_country?post=61178"},{"taxonomy":"property_state","embeddable":true,"href":"https:\/\/www.habitaretail.com\/ca\/wp-json\/wp\/v2\/property_state?post=61178"},{"taxonomy":"property_city","embeddable":true,"href":"https:\/\/www.habitaretail.com\/ca\/wp-json\/wp\/v2\/property_city?post=61178"},{"taxonomy":"property_area","embeddable":true,"href":"https:\/\/www.habitaretail.com\/ca\/wp-json\/wp\/v2\/property_area?post=61178"}],"curies":[{"name":"wp","href":"https:\/\/api.w.org\/{rel}","templated":true}]}}

Finca fantàstica a La Seu d&#8217;Urgell

<p>HabitaRetail presenta aquesta singular finca a la Seu d&#8217;Urgell, una propietat amb identitat pròpia, composta per diverses edificacions independents i una àmplia superfície exterior, ideal tant per a ús residencial com per a qui valori un entorn privat, versàtil i amb gran presència.</p>

<p>La finca s&#8217;assenta sobre una parcel·la que, a efectes cadastrals, combina sòl urbà i rústic. Tot i que la superfície gràfica cadastral oficial és de 2.612 m², un aixecament topogràfic recent situa la superfície real total en 2.781,85 m². </p>

<p>El conjunt compta amb una superfície construïda total de 707 m², segons Cadastre, i es compon de diverses edificacions diferenciades que aporten una gran riquesa funcional a l&#8217;immoble.</p>

<p>L&#8217;habitatge principal, corresponent a l&#8217;Edifici 2, ocupa una superfície a planta baixa de 217,19 m² i es desenvolupa en dues plantes. Segons informació municipal, es tracta d&#8217;un antic paller íntegrament reformat per a ús com a vivenda, conservant així el caràcter original de la finca dins d&#8217;una configuració habitable i consolidada. </p>

<p>El segon habitatge, conegut com a Casa Vella o Edifici 3, disposa de quatre plantes i una superfície en planta de 129,39 m². Històricament, va ser utilitzada com a habitatge dels antics propietaris en una planta i dels mediers en una altra, destinant-se la resta a magatzem, cosa que aporta un valor patrimonial i una configuració molt singular dins del conjunt. </p>

<p>La propietat inclou a més un magatzem independent, Edifici 1, de 48,65 m² construïts en una sola planta, antiga capella actualment destinada a magatzem, així com una àmplia edificació destinada a garatge de 200 m².</p>

<p>A l´exterior, la finca ofereix un entorn especialment atractiu, amb un extens jardí de 1.314,46 m², piscina de 49,58 m² i diferents zones d´accés i patis que sumen 819,51 m². Tot això configura una propietat amb gran amplitud, privadesa i múltiples possibilitats de gaudi. </p>

<p>Es tracta d´una finca difícil de trobar per volum construït, diversitat d´edificacions i qualitat de l´espai exterior, en un entorn natural privilegiat de la Seu d´Urgell, amb molt bona connexió amb Andorra i el Pirineu.</p>

<p>Per a més informació o concertar una visita, contacta amb HabitaRetail.</p>

<p>Si ets propietari, contacta amb un servei professional i exclusiu a HabitaRetail. No te&#8217;n penediràs! Vendrem el teu habitatge amb totes les garanties, tant comercials com jurídiques.   Proveu-nos! Més de 20 anys al sector del Real Estate ens avalen.</p>

<p>A HabitaRetail, seguim amb la nostra comesa de connectar persones i empreses amb espais.</p>

<p>HabitaRetail presenta aquesta singular finca a la Seu d&#8217;Urgell, una propietat amb identitat pròpia, composta per diverses edificacions independents i una àmplia superfície exterior, ideal tant per a ús residencial com per a qui valori un entorn privat, versàtil i amb gran presència. La finca s&#8217;assenta sobre una parcel·la que, a efectes cadastrals, combina sòl [&hellip;]</p>
