{"id":59995,"date":"2026-01-17T12:01:13","date_gmt":"2026-01-17T11:01:13","guid":{"rendered":"https:\/\/www.habitaretail.com\/property\/magnific-pis-molt-lluminos-i-amb-terrassa\/"},"modified":"2026-02-25T17:22:35","modified_gmt":"2026-02-25T16:22:35","slug":"magnific-pis-molt-lluminos-i-amb-terrassa","status":"publish","type":"property","link":"https:\/\/www.habitaretail.com\/ca\/property\/magnific-pis-molt-lluminos-i-amb-terrassa\/","title":{"rendered":"Magn\u00edfic pis molt llumin\u00f3s i amb terrassa"},"content":{"rendered":"\n<p class=\"has-text-align-left\">HabitaRetail presenta en exclusiva aquest <strong>habitatge reformat<\/strong> al Passeig de la Zona Franca, Barcelona. L&#8217;habitatge, reformat recentment, <strong>consta de 88 m2<\/strong> constru\u00efts segons Cadastre, xifra que inclou 10 m2 corresponents a la participaci\u00f3 en elements comuns. <\/p>\n\n<p class=\"has-text-align-left\">En una <strong>sisena planta real<\/strong> amb ascensor, \u00e9s un habitatge exterior i molt llumin\u00f3s, amb una orientaci\u00f3 que afavoreix l&#8217;entrada de llum natural i una terrassa gaudible amb vistes clares, tot un luxe a Barcelona ciutat.<\/p>\n\n<p class=\"has-text-align-left\">La zona de dia ofereix un sal\u00f3 menjador ampli amb sortida directa a la terrassa. La cuina, independent i actualitzada, compta amb galeria safareig, perfecta per al dia a dia. La distribuci\u00f3 es completa amb un bany complet i dos dormitoris m\u00e9s una tercera habitaci\u00f3 polivalent, ideal com a despatx, habitaci\u00f3 individual o vestidor. L\u00b4habitatge consta d\u00b4electrodom\u00e8stics com rentaplats, nevera i rentadora, i <strong>disposa d\u00b4aire condicionat i calefacci\u00f3 per conductes interns<\/strong> (Mitsubishi).   <\/p>\n\n<p class=\"has-text-align-left\">La ubicaci\u00f3 \u00e9s un dels seus punts forts: a pocs minuts a peu de l&#8217;estaci\u00f3 de metro Foneria (L10 Sud), amb connexi\u00f3 r\u00e0pida a la Zona Universit\u00e0ria, Fira Gran Via i l&#8217;aeroport a trav\u00e9s de L9\/L10, i envoltat de parades d&#8217;autob\u00fas (21, 23, V3, 88, 89, 109, N1).<\/p>\n\n<p class=\"has-text-align-left\">L&#8217;entorn ofereix tots els serveis del dia a dia: supermercats Mercadona i Aldi al mateix Passeig de la Zona Franca, altres cadenes com Consum a la zona log\u00edstica i el gran centre de bricolatge Bauhaus i Wala a pocs minuts a peu. El mercat de La Marina \u00e9s a 5 minuts a peu. <\/p>\n\n<p class=\"has-text-align-left\">No dubtis en contactar per concertar una visita a aquest magn\u00edfic habitatge que t\u00b4ofereix HabitaRetail. Tenim m\u00e9s habitatges al nostre portfoli que no estan publicats, no dubtis a contactar amb nosaltres si busques habitatge a Barcelona. <\/p>\n\n<p class=\"has-text-align-left\">Si ets propietari, contacta amb un servei professional i exclusiu a HabitaRetail. No te&#8217;n penedir\u00e0s! Vendrem el teu habitatge amb totes les garanties, tant comercials com jur\u00eddiques.   Proveu-nos! M\u00e9s de 20 anys al sector del Real Estate ens avalen.<\/p>\n\n<p class=\"has-text-align-left\">A HabitaRetail, seguim amb la nostra comesa de connectar persones i empreses amb espais.<\/p>\n\n<p><\/p>\n","protected":false},"excerpt":{"rendered":"<p>HabitaRetail presenta en exclusiva aquest habitatge reformat al Passeig de la Zona Franca, Barcelona. L&#8217;habitatge, reformat recentment, consta de 88 m2 constru\u00efts segons Cadastre, xifra que inclou 10 m2 corresponents a la participaci\u00f3 en elements comuns. En una sisena planta real amb ascensor, \u00e9s un habitatge exterior i molt llumin\u00f3s, amb una orientaci\u00f3 que afavoreix [&hellip;]<\/p>\n","protected":false},"author":1,"featured_media":60570,"parent":0,"menu_order":0,"template":"","property_type":[199],"property_status":[189],"property_feature":[186,195,1012,705,702,1042,741,722,625,720],"property_label":[433],"property_country":[],"property_state":[],"property_city":[209],"property_area":[1079],"class_list":["post-59995","property","type-property","status-publish","has-post-thumbnail","hentry","property_type-pis","property_status-venda","property_feature-prop-de-serveis-locals","property_feature-aire-condicionat","property_feature-alarma-antirobatori","property_feature-ampli-salo","property_feature-ascensor-ca","property_feature-bomba-de-fred-i-calor","property_feature-cuina-totalment-equipada","property_feature-disseny-modern-o-contemporani","property_feature-terrassa","property_feature-vistes-clares-ca","property_label-serveis-habitacomprador","property_city-barcelona-ca","property_area-zona-franca"],"property_meta":{"_alp_processed":["1772036555"],"_wpml_media_duplicate":["1"],"_wpml_media_featured":["1"],"fave_featured":["0"],"houzez_featured_listing_date":[""],"fave_property_images":["59944","59908","59884","59872","59878","59962","59920","59974","59914","59980","60557","60551","60545","60533","60563","60527","60539","60521"],"fave_agent_display_option":["author_info"],"fave_single_top_area":["global"],"fave_single_content_area":["global"],"houzez_geolocation_lat":["41.359916326286"],"houzez_geolocation_long":["2.1393349285584"],"_thumbnail_id":["60570"],"_last_translation_edit_mode":["translation-editor"],"_wpml_word_count":["353"],"_monsterinsights_sitenote_active":["0"],"houzez_manual_expire":["0"],"_houzez_expiration_date_status":["saved"],"_eael_post_view_count":["56"],"houzez_total_property_views":["54"],"houzez_views_by_date":["a:49:{s:10:\"01-17-2026\";i:2;s:10:\"01-18-2026\";i:1;s:10:\"01-19-2026\";i:1;s:10:\"01-20-2026\";i:2;s:10:\"01-21-2026\";i:2;s:10:\"01-23-2026\";i:1;s:10:\"01-24-2026\";i:1;s:10:\"01-26-2026\";i:1;s:10:\"01-27-2026\";i:1;s:10:\"01-28-2026\";i:1;s:10:\"01-31-2026\";i:1;s:10:\"02-02-2026\";i:1;s:10:\"02-03-2026\";i:1;s:10:\"02-05-2026\";i:1;s:10:\"02-10-2026\";i:1;s:10:\"02-11-2026\";i:1;s:10:\"02-14-2026\";i:1;s:10:\"02-20-2026\";i:1;s:10:\"02-21-2026\";i:1;s:10:\"02-22-2026\";i:1;s:10:\"02-25-2026\";i:1;s:10:\"02-26-2026\";i:1;s:10:\"02-27-2026\";i:2;s:10:\"02-28-2026\";i:1;s:10:\"03-02-2026\";i:1;s:10:\"03-04-2026\";i:1;s:10:\"03-05-2026\";i:1;s:10:\"03-08-2026\";i:1;s:10:\"03-11-2026\";i:1;s:10:\"03-12-2026\";i:1;s:10:\"03-14-2026\";i:1;s:10:\"03-16-2026\";i:1;s:10:\"03-17-2026\";i:1;s:10:\"03-20-2026\";i:1;s:10:\"03-22-2026\";i:1;s:10:\"03-23-2026\";i:2;s:10:\"03-24-2026\";i:1;s:10:\"03-25-2026\";i:1;s:10:\"03-27-2026\";i:1;s:10:\"03-29-2026\";i:1;s:10:\"04-02-2026\";i:1;s:10:\"04-06-2026\";i:1;s:10:\"04-09-2026\";i:1;s:10:\"04-10-2026\";i:1;s:10:\"04-14-2026\";i:1;s:10:\"04-18-2026\";i:1;s:10:\"04-22-2026\";i:1;s:10:\"04-27-2026\";i:1;s:10:\"04-28-2026\";i:1;}"],"houzez_recently_viewed":["2026-04-28 22:17:18"],"_wpml_media_has_media":["1"],"fave_property_price":["329000"],"fave_property_sec_price":["4217"],"fave_property_price_postfix":["m \u00b2"],"fave_property_size":["78"],"fave_property_size_prefix":["m \u00b2"],"fave_property_bedrooms":["3"],"fave_property_bathrooms":["1"],"fave_property_year":["1974"],"fave_property_id":["HR145"],"fave_property_map":["1"],"fave_property_map_address":["Passeig de la Zona Franca, Barcelona, \u200b\u200bEspanya"],"fave_property_location":["41.359916326286,2.1393349285584,15"],"fave_property_map_street_view":["hide"],"fave_prop_homeslider":["no"],"fave_energy_class":["E"],"fave_energy_global_index":["155"],"fave_renewable_energy_global_index":["32"],"fave_epc_current_rating":["E"],"fave_property_rooms":["3"]},"_links":{"self":[{"href":"https:\/\/www.habitaretail.com\/ca\/wp-json\/wp\/v2\/properties\/59995","targetHints":{"allow":["GET"]}}],"collection":[{"href":"https:\/\/www.habitaretail.com\/ca\/wp-json\/wp\/v2\/properties"}],"about":[{"href":"https:\/\/www.habitaretail.com\/ca\/wp-json\/wp\/v2\/types\/property"}],"author":[{"embeddable":true,"href":"https:\/\/www.habitaretail.com\/ca\/wp-json\/wp\/v2\/users\/1"}],"version-history":[{"count":2,"href":"https:\/\/www.habitaretail.com\/ca\/wp-json\/wp\/v2\/properties\/59995\/revisions"}],"predecessor-version":[{"id":59998,"href":"https:\/\/www.habitaretail.com\/ca\/wp-json\/wp\/v2\/properties\/59995\/revisions\/59998"}],"wp:featuredmedia":[{"embeddable":true,"href":"https:\/\/www.habitaretail.com\/ca\/wp-json\/wp\/v2\/media\/60570"}],"wp:attachment":[{"href":"https:\/\/www.habitaretail.com\/ca\/wp-json\/wp\/v2\/media?parent=59995"}],"wp:term":[{"taxonomy":"property_type","embeddable":true,"href":"https:\/\/www.habitaretail.com\/ca\/wp-json\/wp\/v2\/property_type?post=59995"},{"taxonomy":"property_status","embeddable":true,"href":"https:\/\/www.habitaretail.com\/ca\/wp-json\/wp\/v2\/property_status?post=59995"},{"taxonomy":"property_feature","embeddable":true,"href":"https:\/\/www.habitaretail.com\/ca\/wp-json\/wp\/v2\/property_feature?post=59995"},{"taxonomy":"property_label","embeddable":true,"href":"https:\/\/www.habitaretail.com\/ca\/wp-json\/wp\/v2\/property_label?post=59995"},{"taxonomy":"property_country","embeddable":true,"href":"https:\/\/www.habitaretail.com\/ca\/wp-json\/wp\/v2\/property_country?post=59995"},{"taxonomy":"property_state","embeddable":true,"href":"https:\/\/www.habitaretail.com\/ca\/wp-json\/wp\/v2\/property_state?post=59995"},{"taxonomy":"property_city","embeddable":true,"href":"https:\/\/www.habitaretail.com\/ca\/wp-json\/wp\/v2\/property_city?post=59995"},{"taxonomy":"property_area","embeddable":true,"href":"https:\/\/www.habitaretail.com\/ca\/wp-json\/wp\/v2\/property_area?post=59995"}],"curies":[{"name":"wp","href":"https:\/\/api.w.org\/{rel}","templated":true}]}}

Magnífic pis molt lluminós i amb terrassa

<p class="has-text-align-left">HabitaRetail presenta en exclusiva aquest <strong>habitatge reformat</strong> al Passeig de la Zona Franca, Barcelona. L&#8217;habitatge, reformat recentment, <strong>consta de 88 m2</strong> construïts segons Cadastre, xifra que inclou 10 m2 corresponents a la participació en elements comuns. </p>

<p class="has-text-align-left">En una <strong>sisena planta real</strong> amb ascensor, és un habitatge exterior i molt lluminós, amb una orientació que afavoreix l&#8217;entrada de llum natural i una terrassa gaudible amb vistes clares, tot un luxe a Barcelona ciutat.</p>

<p class="has-text-align-left">La zona de dia ofereix un saló menjador ampli amb sortida directa a la terrassa. La cuina, independent i actualitzada, compta amb galeria safareig, perfecta per al dia a dia. La distribució es completa amb un bany complet i dos dormitoris més una tercera habitació polivalent, ideal com a despatx, habitació individual o vestidor. L´habitatge consta d´electrodomèstics com rentaplats, nevera i rentadora, i <strong>disposa d´aire condicionat i calefacció per conductes interns</strong> (Mitsubishi).   </p>

<p class="has-text-align-left">La ubicació és un dels seus punts forts: a pocs minuts a peu de l&#8217;estació de metro Foneria (L10 Sud), amb connexió ràpida a la Zona Universitària, Fira Gran Via i l&#8217;aeroport a través de L9/L10, i envoltat de parades d&#8217;autobús (21, 23, V3, 88, 89, 109, N1).</p>

<p class="has-text-align-left">L&#8217;entorn ofereix tots els serveis del dia a dia: supermercats Mercadona i Aldi al mateix Passeig de la Zona Franca, altres cadenes com Consum a la zona logística i el gran centre de bricolatge Bauhaus i Wala a pocs minuts a peu. El mercat de La Marina és a 5 minuts a peu. </p>

<p class="has-text-align-left">No dubtis en contactar per concertar una visita a aquest magnífic habitatge que t´ofereix HabitaRetail. Tenim més habitatges al nostre portfoli que no estan publicats, no dubtis a contactar amb nosaltres si busques habitatge a Barcelona. </p>

<p class="has-text-align-left">Si ets propietari, contacta amb un servei professional i exclusiu a HabitaRetail. No te&#8217;n penediràs! Vendrem el teu habitatge amb totes les garanties, tant comercials com jurídiques.   Proveu-nos! Més de 20 anys al sector del Real Estate ens avalen.</p>

<p class="has-text-align-left">A HabitaRetail, seguim amb la nostra comesa de connectar persones i empreses amb espais.</p>

<p></p>

<p>HabitaRetail presenta en exclusiva aquest habitatge reformat al Passeig de la Zona Franca, Barcelona. L&#8217;habitatge, reformat recentment, consta de 88 m2 construïts segons Cadastre, xifra que inclou 10 m2 corresponents a la participació en elements comuns. En una sisena planta real amb ascensor, és un habitatge exterior i molt lluminós, amb una orientació que afavoreix [&hellip;]</p>
